Last updated on 2025-11-16 03:50:04 CET.
| Flavor | Version | Tinstall | Tcheck | Ttotal | Status | Flags |
|---|---|---|---|---|---|---|
| r-devel-linux-x86_64-debian-clang | 1.5.1 | 40.07 | 170.31 | 210.38 | OK | |
| r-devel-linux-x86_64-debian-gcc | 1.5.1 | 27.72 | 124.28 | 152.00 | OK | |
| r-devel-linux-x86_64-fedora-clang | 1.5.1 | 172.00 | 189.96 | 361.96 | NOTE | |
| r-devel-linux-x86_64-fedora-gcc | 1.5.1 | 177.00 | 168.49 | 345.49 | NOTE | |
| r-devel-windows-x86_64 | 1.5.1 | 53.00 | 192.00 | 245.00 | OK | |
| r-patched-linux-x86_64 | 1.5.1 | 41.32 | 163.30 | 204.62 | OK | |
| r-release-linux-x86_64 | 1.5.1 | 37.44 | 163.59 | 201.03 | OK | |
| r-release-macos-arm64 | 1.5.1 | 19.00 | 67.00 | 86.00 | OK | |
| r-release-macos-x86_64 | 1.5.1 | 41.00 | 147.00 | 188.00 | OK | |
| r-release-windows-x86_64 | 1.5.1 | 46.00 | 187.00 | 233.00 | OK | |
| r-oldrel-macos-arm64 | 1.5.1 | 19.00 | 71.00 | 90.00 | NOTE | |
| r-oldrel-macos-x86_64 | 1.5.1 | 41.00 | 162.00 | 203.00 | NOTE | |
| r-oldrel-windows-x86_64 | 1.5.1 | 65.00 | 245.00 | 310.00 | NOTE |
Version: 1.5.1
Check: dependencies in R code
Result: NOTE
Namespaces in Imports field not imported from:
‘R.utils’ ‘optparse’ ‘vcfR’
All declared Imports should be used.
Flavors: r-devel-linux-x86_64-fedora-clang, r-devel-linux-x86_64-fedora-gcc
Version: 1.5.1
Check: installed package size
Result: NOTE
installed size is 6.2Mb
sub-directories of 1Mb or more:
data 4.2Mb
Flavors: r-oldrel-macos-arm64, r-oldrel-macos-x86_64, r-oldrel-windows-x86_64
Version: 1.5.1
Check: for GNU extensions in Makefiles
Result: NOTE
GNU make is a SystemRequirements.
Flavors: r-oldrel-macos-arm64, r-oldrel-macos-x86_64, r-oldrel-windows-x86_64