Last updated on 2025-11-04 03:51:00 CET.
| Flavor | Version | Tinstall | Tcheck | Ttotal | Status | Flags | 
|---|---|---|---|---|---|---|
| r-devel-linux-x86_64-debian-clang | 2016.8-1.1 | 1.91 | 30.15 | 32.06 | NOTE | |
| r-devel-linux-x86_64-debian-gcc | 2016.8-1.1 | 1.64 | 24.36 | 26.00 | NOTE | |
| r-devel-linux-x86_64-fedora-clang | 2016.8-1.1 | 48.71 | OK | |||
| r-devel-linux-x86_64-fedora-gcc | 2016.8-1.1 | 60.33 | OK | |||
| r-devel-windows-x86_64 | 2016.8-1.1 | 6.00 | 52.00 | 58.00 | OK | |
| r-patched-linux-x86_64 | 2016.8-1.1 | 1.80 | 28.82 | 30.62 | OK | |
| r-release-linux-x86_64 | 2016.8-1.1 | 1.58 | 28.72 | 30.30 | OK | |
| r-release-macos-arm64 | 2016.8-1.1 | 1.00 | 23.00 | 24.00 | OK | |
| r-release-macos-x86_64 | 2016.8-1.1 | 2.00 | 42.00 | 44.00 | OK | |
| r-release-windows-x86_64 | 2016.8-1.1 | 2.00 | 52.00 | 54.00 | OK | |
| r-oldrel-macos-arm64 | 2016.8-1.1 | 1.00 | 25.00 | 26.00 | OK | |
| r-oldrel-macos-x86_64 | 2016.8-1.1 | 2.00 | 32.00 | 34.00 | OK | |
| r-oldrel-windows-x86_64 | 2016.8-1.1 | 3.00 | 55.00 | 58.00 | OK | 
Version: 2016.8-1.1
Check: CRAN incoming feasibility
Result: NOTE
  Maintainer: ‘Paul Gilbert <pgilbert.ttv9z@ncf.ca>’
  
  No Authors@R field in DESCRIPTION.
  Please add one, modifying
    Authors@R: c(person(given = "Paul",
                        family = "Gilbert",
                        role = c("aut", "cre"),
                        email = "pgilbert.ttv9z@ncf.ca"),
                 person(given = "Ravi",
                        family = "Varadhan",
                        role = "aut"))
  as necessary.
Flavors: r-devel-linux-x86_64-debian-clang, r-devel-linux-x86_64-debian-gcc