CRAN Package Check Results for Package nsp

Last updated on 2025-05-01 03:49:57 CEST.

Flavor Version Tinstall Tcheck Ttotal Status Flags
r-devel-linux-x86_64-debian-clang 1.0.0 4.05 51.50 55.55 NOTE
r-devel-linux-x86_64-debian-gcc 1.0.0 3.24 41.70 44.94 OK
r-devel-linux-x86_64-fedora-clang 1.0.0 89.35 OK
r-devel-linux-x86_64-fedora-gcc 1.0.0 92.70 OK
r-devel-windows-x86_64 1.0.0 6.00 115.00 121.00 OK
r-patched-linux-x86_64 1.0.0 4.88 53.34 58.22 OK
r-release-linux-x86_64 1.0.0 4.28 53.64 57.92 OK
r-release-macos-arm64 1.0.0 34.00 OK
r-release-macos-x86_64 1.0.0 64.00 OK
r-release-windows-x86_64 1.0.0 6.00 127.00 133.00 OK
r-oldrel-macos-arm64 1.0.0 31.00 OK
r-oldrel-macos-x86_64 1.0.0 46.00 OK
r-oldrel-windows-x86_64 1.0.0 5.00 109.00 114.00 OK

Check Details

Version: 1.0.0
Check: examples
Result: NOTE Examples with CPU (user + system) or elapsed time > 5s user system elapsed draw_rects 6.766 0.233 8.445 nsp_poly_ar 4.913 0.228 6.079 nsp_selfnorm 3.749 0.042 5.510 sim_max_holder 3.718 0.069 5.382 Flavor: r-devel-linux-x86_64-debian-clang

Version: 1.0.0
Check: examples
Result: NA user system elapsed draw_rects 5.521 0.294 7.344 nsp_poly_ar 4.409 0.244 5.514 OK Flavor: r-devel-linux-x86_64-debian-gcc