Last updated on 2025-05-04 03:51:00 CEST.
Flavor | Version | Tinstall | Tcheck | Ttotal | Status | Flags |
---|---|---|---|---|---|---|
r-devel-linux-x86_64-debian-clang | 0.2.0.0 | 2.39 | 20.63 | 23.02 | NOTE | |
r-devel-linux-x86_64-debian-gcc | 0.2.0.0 | 1.74 | 16.37 | 18.11 | NOTE | |
r-devel-linux-x86_64-fedora-clang | 0.2.0.0 | 35.65 | OK | |||
r-devel-linux-x86_64-fedora-gcc | 0.2.0.0 | 35.06 | OK | |||
r-devel-windows-x86_64 | 0.2.0.0 | 3.00 | 38.00 | 41.00 | OK | |
r-patched-linux-x86_64 | 0.2.0.0 | 2.34 | 19.40 | 21.74 | OK | |
r-release-linux-x86_64 | OK | |||||
r-release-macos-arm64 | 0.2.0.0 | 16.00 | OK | |||
r-release-macos-x86_64 | 0.2.0.0 | 25.00 | OK | |||
r-release-windows-x86_64 | 0.2.0.0 | 3.00 | 38.00 | 41.00 | OK | |
r-oldrel-macos-arm64 | 0.2.0.0 | 15.00 | NOTE | |||
r-oldrel-macos-x86_64 | 0.2.0.0 | 21.00 | NOTE | |||
r-oldrel-windows-x86_64 | 0.2.0.0 | 3.00 | 37.00 | 40.00 | NOTE |
Version: 0.2.0.0
Check: CRAN incoming feasibility
Result: NOTE
Maintainer: ‘Benjamin Groebe <ben.groebe@gmail.com>’
Found the following URLs which should use \doi (with the DOI name only):
File ‘mde.arfima.Rd’:
https://doi.org/10.1111/j.1368-423X.2007.00202.x
File ‘mle.arfima.Rd’:
https://doi.org/10.1111/j.2517-6161.1995.tb02054.x
Flavors: r-devel-linux-x86_64-debian-clang, r-devel-linux-x86_64-debian-gcc
Version: 0.2.0.0
Check: LazyData
Result: NOTE
'LazyData' is specified without a 'data' directory
Flavors: r-oldrel-macos-arm64, r-oldrel-macos-x86_64, r-oldrel-windows-x86_64