CRAN Package Check Results for Package npmr

Last updated on 2025-11-23 03:48:52 CET.

Flavor Version Tinstall Tcheck Ttotal Status Flags
r-devel-linux-x86_64-debian-clang 1.3.1 6.33 61.18 67.51 NOTE
r-devel-linux-x86_64-debian-gcc 1.3.1 4.68 45.98 50.66 NOTE
r-devel-linux-x86_64-fedora-clang 1.3.1 13.00 89.67 102.67 OK
r-devel-linux-x86_64-fedora-gcc 1.3.1 12.00 84.23 96.23 OK
r-devel-windows-x86_64 1.3.1 8.00 74.00 82.00 OK
r-patched-linux-x86_64 1.3.1 6.48 57.49 63.97 OK
r-release-linux-x86_64 1.3.1 5.50 57.16 62.66 OK
r-release-macos-arm64 1.3.1 OK
r-release-macos-x86_64 1.3.1 5.00 53.00 58.00 OK
r-release-windows-x86_64 1.3.1 7.00 97.00 104.00 OK
r-oldrel-macos-arm64 1.3.1 OK
r-oldrel-macos-x86_64 1.3.1 5.00 41.00 46.00 OK
r-oldrel-windows-x86_64 1.3.1 9.00 87.00 96.00 OK

Check Details

Version: 1.3.1
Check: CRAN incoming feasibility
Result: NOTE Maintainer: ‘Scott Powers <saberpowers@gmail.com>’ No Authors@R field in DESCRIPTION. Please add one, modifying Authors@R: c(person(given = "Scott", family = "Powers", role = c("aut", "cre"), email = "saberpowers@gmail.com"), person(given = "Trevor", family = "Hastie", role = "aut"), person(given = "Robert", family = "Tibshirani", role = "aut")) as necessary. Flavors: r-devel-linux-x86_64-debian-clang, r-devel-linux-x86_64-debian-gcc