Last updated on 2025-05-04 03:51:00 CEST.
Flavor | Version | Tinstall | Tcheck | Ttotal | Status | Flags |
---|---|---|---|---|---|---|
r-devel-linux-x86_64-debian-clang | 1.5 | 10.79 | 82.54 | 93.33 | NOTE | |
r-devel-linux-x86_64-debian-gcc | 1.5 | 7.32 | 61.07 | 68.39 | NOTE | |
r-devel-linux-x86_64-fedora-clang | 1.5 | 141.74 | OK | |||
r-devel-linux-x86_64-fedora-gcc | 1.5 | 142.25 | OK | |||
r-devel-windows-x86_64 | 1.5 | 12.00 | 89.00 | 101.00 | OK | |
r-patched-linux-x86_64 | 1.5 | 10.27 | 78.46 | 88.73 | OK | |
r-release-linux-x86_64 | OK | |||||
r-release-macos-arm64 | 1.5 | 49.00 | OK | |||
r-release-macos-x86_64 | 1.5 | 77.00 | OK | |||
r-release-windows-x86_64 | 1.5 | 13.00 | 89.00 | 102.00 | OK | |
r-oldrel-macos-arm64 | 1.5 | 39.00 | OK | |||
r-oldrel-macos-x86_64 | 1.5 | 56.00 | OK | |||
r-oldrel-windows-x86_64 | 1.5 | 15.00 | 111.00 | 126.00 | OK |
Version: 1.5
Check: CRAN incoming feasibility
Result: NOTE
Maintainer: ‘Jos Feys <jos.feys@faber.kuleuven.be>’
No Authors@R field in DESCRIPTION.
Please add one, modifying
Authors@R: person(given = "Jos",
family = "Feys",
role = c("aut", "cre"),
email = "jos.feys@faber.kuleuven.be")
as necessary.
Flavors: r-devel-linux-x86_64-debian-clang, r-devel-linux-x86_64-debian-gcc