CRAN Package Check Results for Package neonstore

Last updated on 2025-11-25 03:50:23 CET.

Flavor Version Tinstall Tcheck Ttotal Status Flags
r-devel-linux-x86_64-debian-clang 0.5.1 6.88 63.50 70.38 NOTE
r-devel-linux-x86_64-debian-gcc 0.5.1 4.43 46.18 50.61 NOTE
r-devel-linux-x86_64-fedora-clang 0.5.1 26.00 80.02 106.02 NOTE
r-devel-linux-x86_64-fedora-gcc 0.5.1 14.00 84.40 98.40 NOTE
r-devel-windows-x86_64 0.5.1 11.00 74.00 85.00 NOTE
r-patched-linux-x86_64 0.5.1 7.79 56.92 64.71 NOTE
r-release-linux-x86_64 0.5.1 6.73 56.91 63.64 NOTE
r-release-macos-arm64 0.5.1 NOTE
r-release-macos-x86_64 0.5.1 7.00 55.00 62.00 NOTE
r-release-windows-x86_64 0.5.1 8.00 77.00 85.00 NOTE
r-oldrel-macos-arm64 0.5.1 OK
r-oldrel-macos-x86_64 0.5.1 5.00 42.00 47.00 OK
r-oldrel-windows-x86_64 0.5.1 11.00 94.00 105.00 OK

Check Details

Version: 0.5.1
Check: DESCRIPTION meta-information
Result: NOTE Missing dependency on R >= 4.1.0 because package code uses the pipe |> or function shorthand \(...) syntax added in R 4.1.0. File(s) using such syntax: ‘neon_cloud.R’ Flavors: r-devel-linux-x86_64-debian-clang, r-devel-linux-x86_64-debian-gcc, r-devel-linux-x86_64-fedora-clang, r-devel-linux-x86_64-fedora-gcc, r-devel-windows-x86_64, r-patched-linux-x86_64, r-release-linux-x86_64, r-release-macos-arm64, r-release-macos-x86_64, r-release-windows-x86_64