CRAN Package Check Results for Package ncvreg

Last updated on 2025-07-20 03:49:38 CEST.

Flavor Version Tinstall Tcheck Ttotal Status Flags
r-devel-linux-x86_64-debian-clang 3.15.0 7.70 56.34 64.04 NOTE
r-devel-linux-x86_64-debian-gcc 3.15.0 5.90 41.37 47.27 NOTE
r-devel-linux-x86_64-fedora-clang 3.15.0 103.86 NOTE
r-devel-linux-x86_64-fedora-gcc 3.15.0 107.53 NOTE
r-devel-windows-x86_64 3.15.0 13.00 81.00 94.00 NOTE
r-patched-linux-x86_64 3.15.0 8.22 51.69 59.91 NOTE
r-release-linux-x86_64 3.15.0 7.69 52.20 59.89 NOTE
r-release-macos-arm64 3.15.0 37.00 NOTE
r-release-macos-x86_64 3.15.0 90.00 NOTE
r-release-windows-x86_64 3.15.0 14.00 80.00 94.00 NOTE
r-oldrel-macos-arm64 3.15.0 64.00 OK
r-oldrel-macos-x86_64 3.15.0 111.00 OK
r-oldrel-windows-x86_64 3.15.0 14.00 93.00 107.00 OK

Check Details

Version: 3.15.0
Check: DESCRIPTION meta-information
Result: NOTE Missing dependency on R >= 4.1.0 because package code uses the pipe |> or function shorthand \(...) syntax added in R 4.1.0. File(s) using such syntax: ‘assign_fold.Rd’ Flavors: r-devel-linux-x86_64-debian-clang, r-devel-linux-x86_64-debian-gcc, r-devel-linux-x86_64-fedora-clang, r-devel-linux-x86_64-fedora-gcc, r-devel-windows-x86_64, r-patched-linux-x86_64, r-release-linux-x86_64, r-release-macos-arm64, r-release-macos-x86_64, r-release-windows-x86_64