Last updated on 2025-07-20 03:49:38 CEST.
Flavor | Version | Tinstall | Tcheck | Ttotal | Status | Flags |
---|---|---|---|---|---|---|
r-devel-linux-x86_64-debian-clang | 0.1.1 | 7.94 | 70.95 | 78.89 | OK | |
r-devel-linux-x86_64-debian-gcc | 0.1.1 | 5.26 | 50.69 | 55.95 | OK | |
r-devel-linux-x86_64-fedora-clang | 0.1.1 | 124.04 | OK | |||
r-devel-linux-x86_64-fedora-gcc | 0.1.1 | 130.85 | OK | |||
r-devel-windows-x86_64 | 0.1.1 | 4.00 | 22.00 | 26.00 | ERROR | |
r-release-linux-x86_64 | 0.1.1 | 7.10 | 64.35 | 71.45 | OK | |
r-release-macos-arm64 | 0.1.1 | 36.00 | OK | |||
r-release-macos-x86_64 | 0.1.1 | 80.00 | OK | |||
r-release-windows-x86_64 | 0.1.1 | 8.00 | 77.00 | 85.00 | OK | |
r-oldrel-macos-arm64 | 0.1.1 | 43.00 | OK | |||
r-oldrel-macos-x86_64 | 0.1.1 | 86.00 | OK | |||
r-oldrel-windows-x86_64 | 0.1.1 | 12.00 | 99.00 | 111.00 | OK |
Version: 0.1.1
Check: whether package can be installed
Result: ERROR
Installation failed.
Flavor: r-devel-windows-x86_64