Last updated on 2025-11-14 03:50:00 CET.
| Flavor | Version | Tinstall | Tcheck | Ttotal | Status | Flags |
|---|---|---|---|---|---|---|
| r-devel-linux-x86_64-debian-clang | 0.0.1 | 10.70 | 72.79 | 83.49 | OK | |
| r-devel-linux-x86_64-debian-gcc | 0.0.1 | 8.51 | 58.02 | 66.53 | OK | |
| r-devel-linux-x86_64-fedora-clang | 0.0.1 | 19.00 | 105.87 | 124.87 | OK | |
| r-devel-linux-x86_64-fedora-gcc | 0.0.1 | 21.00 | 114.58 | 135.58 | OK | |
| r-devel-windows-x86_64 | 0.0.1 | 25.00 | 95.00 | 120.00 | OK | |
| r-patched-linux-x86_64 | 0.0.1 | 9.91 | 70.42 | 80.33 | OK | |
| r-release-linux-x86_64 | 0.0.1 | 10.17 | 70.01 | 80.18 | OK | |
| r-release-macos-arm64 | 0.0.1 | 8.00 | 49.00 | 57.00 | OK | |
| r-release-macos-x86_64 | 0.0.1 | 15.00 | 93.00 | 108.00 | OK | |
| r-release-windows-x86_64 | 0.0.1 | 24.00 | 99.00 | 123.00 | OK | |
| r-oldrel-macos-arm64 | 0.0.1 | 8.00 | 46.00 | 54.00 | NOTE | |
| r-oldrel-macos-x86_64 | 0.0.1 | 12.00 | 75.00 | 87.00 | NOTE | |
| r-oldrel-windows-x86_64 | 0.0.1 | 31.00 | 117.00 | 148.00 | OK |
Version: 0.0.1
Check: installed package size
Result: NOTE
installed size is 6.0Mb
sub-directories of 1Mb or more:
data 5.7Mb
Flavors: r-oldrel-macos-arm64, r-oldrel-macos-x86_64