Last updated on 2025-05-18 03:50:24 CEST.
Flavor | Version | Tinstall | Tcheck | Ttotal | Status | Flags |
---|---|---|---|---|---|---|
r-devel-linux-x86_64-debian-clang | 1.2 | 9.92 | 78.50 | 88.42 | NOTE | |
r-devel-linux-x86_64-debian-gcc | 1.2 | 6.73 | 57.75 | 64.48 | NOTE | |
r-devel-linux-x86_64-fedora-clang | 1.2 | 138.16 | OK | |||
r-devel-linux-x86_64-fedora-gcc | 1.2 | 132.78 | OK | |||
r-devel-windows-x86_64 | 1.2 | 10.00 | 89.00 | 99.00 | OK | |
r-patched-linux-x86_64 | 1.2 | 9.21 | 75.47 | 84.68 | OK | |
r-release-linux-x86_64 | 1.2 | 8.57 | 75.39 | 83.96 | OK | |
r-release-macos-arm64 | 1.2 | 43.00 | OK | |||
r-release-macos-x86_64 | 1.2 | 98.00 | OK | |||
r-release-windows-x86_64 | 1.2 | 10.00 | 94.00 | 104.00 | OK | |
r-oldrel-macos-arm64 | 1.2 | 38.00 | OK | |||
r-oldrel-macos-x86_64 | 1.2 | 60.00 | OK | |||
r-oldrel-windows-x86_64 | 1.2 | 14.00 | 110.00 | 124.00 | OK |
Version: 1.2
Check: CRAN incoming feasibility
Result: NOTE
Maintainer: ‘Denis Larocque <denis.larocque@hec.ca>’
No Authors@R field in DESCRIPTION.
Please add one, modifying
Authors@R: person(given = "Denis",
family = "Larocque",
role = c("aut", "cre"),
email = "denis.larocque@hec.ca")
as necessary.
Flavors: r-devel-linux-x86_64-debian-clang, r-devel-linux-x86_64-debian-gcc