Last updated on 2025-05-04 03:50:59 CEST.
Flavor | Version | Tinstall | Tcheck | Ttotal | Status | Flags |
---|---|---|---|---|---|---|
r-devel-linux-x86_64-debian-clang | 1.0 | 7.33 | 68.52 | 75.85 | NOTE | |
r-devel-linux-x86_64-debian-gcc | 1.0 | 6.46 | 51.21 | 57.67 | NOTE | |
r-devel-linux-x86_64-fedora-clang | 1.0 | 119.35 | OK | |||
r-devel-linux-x86_64-fedora-gcc | 1.0 | 114.99 | OK | |||
r-devel-windows-x86_64 | 1.0 | 9.00 | 75.00 | 84.00 | OK | |
r-patched-linux-x86_64 | 1.0 | 7.98 | 66.03 | 74.01 | OK | |
r-release-linux-x86_64 | OK | |||||
r-release-macos-arm64 | 1.0 | 40.00 | OK | |||
r-release-macos-x86_64 | 1.0 | 72.00 | OK | |||
r-release-windows-x86_64 | 1.0 | 9.00 | 77.00 | 86.00 | OK | |
r-oldrel-macos-arm64 | 1.0 | 35.00 | OK | |||
r-oldrel-macos-x86_64 | 1.0 | 51.00 | OK | |||
r-oldrel-windows-x86_64 | 1.0 | 12.00 | 94.00 | 106.00 | OK |
Version: 1.0
Check: CRAN incoming feasibility
Result: NOTE
Maintainer: ‘Jiebiao Wang <randel.wang@gmail.com>’
No Authors@R field in DESCRIPTION.
Please add one, modifying
Authors@R: c(person(given = "Jiebiao",
family = "Wang",
role = c("aut", "cre"),
email = "randel.wang@gmail.com"),
person(given = c("Lin", "S."),
family = "Chen",
role = "aut"))
as necessary.
Flavors: r-devel-linux-x86_64-debian-clang, r-devel-linux-x86_64-debian-gcc