Last updated on 2025-04-29 03:52:13 CEST.
Flavor | Version | Tinstall | Tcheck | Ttotal | Status | Flags |
---|---|---|---|---|---|---|
r-devel-linux-x86_64-debian-clang | 2.1.3 | 1.93 | 24.21 | 26.14 | OK | |
r-devel-linux-x86_64-debian-gcc | 2.1.3 | 1.75 | 18.73 | 20.48 | NOTE | |
r-devel-linux-x86_64-fedora-clang | 2.1.3 | 42.26 | OK | |||
r-devel-linux-x86_64-fedora-gcc | 2.1.3 | 55.32 | OK | |||
r-devel-windows-x86_64 | 2.1.3 | 4.00 | 48.00 | 52.00 | OK | |
r-patched-linux-x86_64 | 2.1.3 | 2.44 | 24.27 | 26.71 | OK | |
r-release-linux-x86_64 | 2.1.3 | 1.95 | 23.51 | 25.46 | OK | |
r-release-macos-arm64 | 2.1.3 | 24.00 | OK | |||
r-release-macos-x86_64 | 2.1.3 | 72.00 | OK | |||
r-release-windows-x86_64 | 2.1.3 | 3.00 | 56.00 | 59.00 | OK | |
r-oldrel-macos-arm64 | 2.1.3 | 22.00 | OK | |||
r-oldrel-macos-x86_64 | 2.1.3 | 36.00 | OK | |||
r-oldrel-windows-x86_64 | 2.1.3 | 4.00 | 50.00 | 54.00 | OK |
Version: 2.1.3
Check: CRAN incoming feasibility
Result: NOTE
Maintainer: ‘Alexander Keyel <skeyel@gmail.com>’
No Authors@R field in DESCRIPTION.
Please add one, modifying
Authors@R: person(given = "Alexander",
family = "Keyel",
role = c("aut", "cre"),
email = "skeyel@gmail.com")
as necessary.
Flavor: r-devel-linux-x86_64-debian-gcc