Last updated on 2025-05-04 03:50:59 CEST.
Flavor | Version | Tinstall | Tcheck | Ttotal | Status | Flags |
---|---|---|---|---|---|---|
r-devel-linux-x86_64-debian-clang | 0.2.2 | 1.53 | 19.54 | 21.07 | NOTE | |
r-devel-linux-x86_64-debian-gcc | 0.2.2 | 1.38 | 16.39 | 17.77 | NOTE | |
r-devel-linux-x86_64-fedora-clang | 0.2.2 | 31.13 | OK | |||
r-devel-linux-x86_64-fedora-gcc | 0.2.2 | 30.24 | OK | |||
r-devel-windows-x86_64 | 0.2.2 | 2.00 | 45.00 | 47.00 | OK | |
r-patched-linux-x86_64 | 0.2.2 | 1.51 | 18.01 | 19.52 | OK | |
r-release-linux-x86_64 | OK | |||||
r-release-macos-arm64 | 0.2.2 | 20.00 | OK | |||
r-release-macos-x86_64 | 0.2.2 | 35.00 | OK | |||
r-release-windows-x86_64 | 0.2.2 | 3.00 | 46.00 | 49.00 | OK | |
r-oldrel-macos-arm64 | 0.2.2 | 15.00 | OK | |||
r-oldrel-macos-x86_64 | 0.2.2 | 22.00 | OK | |||
r-oldrel-windows-x86_64 | 0.2.2 | 3.00 | 49.00 | 52.00 | OK |
Version: 0.2.2
Check: CRAN incoming feasibility
Result: NOTE
Maintainer: ‘Panos Rontogiannis <p.g.ronto@gmail.com>’
No Authors@R field in DESCRIPTION.
Please add one, modifying
Authors@R: person(given = "Panos",
family = "Rontogiannis",
role = c("aut", "cre"),
email = "p.g.ronto@gmail.com")
as necessary.
Flavors: r-devel-linux-x86_64-debian-clang, r-devel-linux-x86_64-debian-gcc