CRAN Package Check Results for Package mulset

Last updated on 2025-07-22 03:49:58 CEST.

Flavor Version Tinstall Tcheck Ttotal Status Flags
r-devel-linux-x86_64-debian-clang 1.0.0 1.51 20.30 21.81 NOTE
r-devel-linux-x86_64-debian-gcc 1.0.0 1.59 17.32 18.91 NOTE
r-devel-linux-x86_64-fedora-clang 1.0.0 34.19 OK
r-devel-linux-x86_64-fedora-gcc 1.0.0 31.67 OK
r-devel-windows-x86_64 1.0.0 4.00 40.00 44.00 OK
r-patched-linux-x86_64 1.0.0 1.71 18.49 20.20 OK
r-release-linux-x86_64 1.0.0 1.71 18.35 20.06 OK
r-release-macos-arm64 1.0.0 18.00 OK
r-release-macos-x86_64 1.0.0 29.00 OK
r-release-windows-x86_64 1.0.0 2.00 42.00 44.00 OK
r-oldrel-macos-arm64 1.0.0 16.00 OK
r-oldrel-macos-x86_64 1.0.0 22.00 OK
r-oldrel-windows-x86_64 1.0.0 4.00 46.00 50.00 OK

Check Details

Version: 1.0.0
Check: CRAN incoming feasibility
Result: NOTE Maintainer: ‘Ivan Tomic <info@ivantomic.com>’ Package CITATION file contains call(s) to old-style personList() or as.personList(). Please use c() on person objects instead. Package CITATION file contains call(s) to old-style citEntry(). Please use bibentry() instead. Found the following \keyword or \concept entries which likely give several index terms: File ‘intersection.Rd’: \keyword{intersect,} File ‘mulset.Rd’: \keyword{intersection,} \keyword{mulset,} Flavors: r-devel-linux-x86_64-debian-clang, r-devel-linux-x86_64-debian-gcc