CRAN Package Check Results for Package mrgdp

Last updated on 2025-05-02 03:51:15 CEST.

Flavor Version Tinstall Tcheck Ttotal Status Flags
r-devel-linux-x86_64-debian-clang 0.3.2 1.94 23.29 25.23 NOTE
r-devel-linux-x86_64-debian-gcc 0.3.2 1.55 19.50 21.05 OK
r-devel-linux-x86_64-fedora-clang 0.3.2 40.65 OK
r-devel-linux-x86_64-fedora-gcc 0.3.2 53.10 OK
r-devel-windows-x86_64 0.3.2 3.00 47.00 50.00 OK
r-patched-linux-x86_64 0.3.2 2.12 22.57 24.69 OK
r-release-linux-x86_64 OK
r-release-macos-arm64 0.3.2 34.00 OK
r-release-macos-x86_64 0.3.2 49.00 OK
r-release-windows-x86_64 0.3.2 3.00 52.00 55.00 OK
r-oldrel-macos-arm64 0.3.2 33.00 OK
r-oldrel-macos-x86_64 0.3.2 44.00 OK
r-oldrel-windows-x86_64 0.3.2 4.00 54.00 58.00 OK

Check Details

Version: 0.3.2
Check: examples
Result: NOTE Examples with CPU (user + system) or elapsed time > 5s user system elapsed economic_census 1.589 0.14 6.307 Flavor: r-devel-linux-x86_64-debian-clang