Last updated on 2025-10-31 02:50:37 CET.
| Flavor | Version | Tinstall | Tcheck | Ttotal | Status | Flags | 
|---|---|---|---|---|---|---|
| r-devel-linux-x86_64-debian-clang | 0.20.4 | 2.85 | 41.11 | 43.96 | NOTE | |
| r-devel-linux-x86_64-debian-gcc | 0.20.4 | 2.07 | 30.72 | 32.79 | NOTE | |
| r-devel-linux-x86_64-fedora-clang | 0.20.4 | 63.12 | OK | |||
| r-devel-linux-x86_64-fedora-gcc | 0.20.4 | 15.00 | 50.21 | 65.21 | OK | |
| r-devel-windows-x86_64 | 0.20.4 | 5.00 | 66.00 | 71.00 | OK | |
| r-patched-linux-x86_64 | 0.20.4 | 4.55 | 38.06 | 42.61 | OK | |
| r-release-linux-x86_64 | 0.20.4 | 2.21 | 37.07 | 39.28 | OK | |
| r-release-macos-arm64 | 0.20.4 | 2.00 | 24.00 | 26.00 | OK | |
| r-release-macos-x86_64 | 0.20.4 | 5.00 | 34.00 | 39.00 | OK | |
| r-release-windows-x86_64 | 0.20.4 | 5.00 | 67.00 | 72.00 | OK | |
| r-oldrel-macos-arm64 | 0.20.4 | 2.00 | 23.00 | 25.00 | OK | |
| r-oldrel-macos-x86_64 | 0.20.4 | 3.00 | 28.00 | 31.00 | OK | |
| r-oldrel-windows-x86_64 | 0.20.4 | 6.00 | 82.00 | 88.00 | OK | 
Version: 0.20.4
Check: CRAN incoming feasibility
Result: NOTE
  Maintainer: ‘Randall Pruim <rpruim@calvin.edu>’
  
  No Authors@R field in DESCRIPTION.
  Please add one, modifying
    Authors@R: c(person(given = "Randall",
                        family = "Pruim",
                        role = c("aut", "cre"),
                        email = "rpruim@calvin.edu"),
                 person(given = "Daniel",
                        family = "Kaplan",
                        role = "aut",
                        email = "kaplan@macalester.edu"),
                 person(given = "Nicholas",
                        family = "Horton",
                        role = "aut",
                        email = "nhorton@amherst.edu"))
  as necessary.
Flavors: r-devel-linux-x86_64-debian-clang, r-devel-linux-x86_64-debian-gcc