CRAN Package Check Results for Package momentfit

Last updated on 2025-05-05 03:50:26 CEST.

Flavor Version Tinstall Tcheck Ttotal Status Flags
r-devel-linux-x86_64-debian-clang 0.5 13.72 174.85 188.57 NOTE
r-devel-linux-x86_64-debian-gcc 0.5 10.26 118.51 128.77 NOTE
r-devel-linux-x86_64-fedora-clang 0.5 295.45 OK
r-devel-linux-x86_64-fedora-gcc 0.5 307.06 OK
r-devel-windows-x86_64 0.5 18.00 230.00 248.00 NOTE
r-patched-linux-x86_64 0.5 14.81 167.18 181.99 NOTE
r-release-linux-x86_64 0.5 13.19 167.58 180.77 NOTE
r-release-macos-arm64 0.5 89.00 OK
r-release-macos-x86_64 0.5 179.00 OK
r-release-windows-x86_64 0.5 18.00 228.00 246.00 NOTE
r-oldrel-macos-arm64 0.5 77.00 OK
r-oldrel-macos-x86_64 0.5 256.00 OK
r-oldrel-windows-x86_64 0.5 24.00 288.00 312.00 OK

Check Details

Version: 0.5
Check: CRAN incoming feasibility
Result: NOTE Maintainer: ‘Pierre Chausse <pchausse@uwaterloo.ca>’ No Authors@R field in DESCRIPTION. Please add one, modifying Authors@R: person(given = "Pierre", family = "Chausse", role = c("aut", "cre"), email = "pchausse@uwaterloo.ca") as necessary. Flavors: r-devel-linux-x86_64-debian-clang, r-devel-linux-x86_64-debian-gcc

Version: 0.5
Check: Rd cross-references
Result: NOTE Found the following Rd file(s) with Rd \link{} targets missing package anchors: gel4.Rd: vcovHAC gmm4.Rd: meatCL, vcovHAC momentModel.Rd: meatCL, vcovHAC momentStrength-methods.Rd: vcovHC, vcovHAC, meatCL sysMomentModel.Rd: meatCL, vcovHAC Please provide package anchors for all Rd \link{} targets not in the package itself and the base packages. Flavors: r-devel-linux-x86_64-debian-clang, r-devel-linux-x86_64-debian-gcc, r-devel-windows-x86_64, r-patched-linux-x86_64, r-release-linux-x86_64, r-release-windows-x86_64