Last updated on 2025-05-02 03:51:15 CEST.
Flavor | Version | Tinstall | Tcheck | Ttotal | Status | Flags |
---|---|---|---|---|---|---|
r-devel-linux-x86_64-debian-clang | 3.5.4 | 158.65 | 233.40 | 392.05 | NOTE | |
r-devel-linux-x86_64-debian-gcc | 3.5.4 | 114.92 | 149.52 | 264.44 | NOTE | |
r-devel-linux-x86_64-fedora-clang | 3.5.4 | 756.63 | OK | |||
r-devel-linux-x86_64-fedora-gcc | 3.5.4 | 701.52 | OK | |||
r-devel-windows-x86_64 | 3.5.4 | 179.00 | 261.00 | 440.00 | OK | |
r-patched-linux-x86_64 | 3.5.4 | 159.19 | 218.36 | 377.55 | OK | |
r-release-linux-x86_64 | OK | |||||
r-release-macos-arm64 | 3.5.4 | 175.00 | OK | |||
r-release-macos-x86_64 | 3.5.4 | 244.00 | OK | |||
r-release-windows-x86_64 | 3.5.4 | 182.00 | 268.00 | 450.00 | OK | |
r-oldrel-macos-arm64 | 3.5.4 | 149.00 | NOTE | |||
r-oldrel-macos-x86_64 | 3.5.4 | 198.00 | NOTE | |||
r-oldrel-windows-x86_64 | 3.5.4 | 207.00 | 346.00 | 553.00 | OK |
Version: 3.5.4
Check: CRAN incoming feasibility
Result: NOTE
Maintainer: ‘David Rossell <rosselldavid@gmail.com>’
No Authors@R field in DESCRIPTION.
Please add one, modifying
Authors@R: c(person(given = "David",
family = "Rossell",
role = c("aut", "cre"),
email = "rosselldavid@gmail.com"),
person(given = c("John", "D."),
family = "Cook",
role = "aut"),
person(given = "Donatello",
family = "Telesca",
role = "aut"),
person(given = "P.",
family = "Roebuck",
role = "aut"),
person(given = "Oriol",
family = "Abril",
role = "aut"),
person(given = "Miquel",
family = "Torrens",
role = "aut"))
as necessary.
Flavors: r-devel-linux-x86_64-debian-clang, r-devel-linux-x86_64-debian-gcc
Version: 3.5.4
Check: examples
Result: NOTE
Examples with CPU (user + system) or elapsed time > 5s
user system elapsed
cil 4.872 0.275 6.943
postModeOrtho 3.726 0.259 6.102
Flavor: r-devel-linux-x86_64-debian-clang
Version: 3.5.4
Check: installed package size
Result: NOTE
installed size is 9.8Mb
sub-directories of 1Mb or more:
libs 8.2Mb
Flavors: r-oldrel-macos-arm64, r-oldrel-macos-x86_64