Last updated on 2025-10-31 02:50:37 CET.
| Flavor | Version | Tinstall | Tcheck | Ttotal | Status | Flags | 
|---|---|---|---|---|---|---|
| r-devel-linux-x86_64-debian-clang | 1.8-4 | 2.82 | 25.21 | 28.03 | NOTE | |
| r-devel-linux-x86_64-debian-gcc | 1.8-4 | 1.82 | 19.30 | 21.12 | NOTE | |
| r-devel-linux-x86_64-fedora-clang | 1.8-4 | 40.53 | OK | |||
| r-devel-linux-x86_64-fedora-gcc | 1.8-4 | 38.26 | OK | |||
| r-devel-windows-x86_64 | 1.8-4 | 3.00 | 43.00 | 46.00 | OK | |
| r-patched-linux-x86_64 | 1.8-4 | 2.97 | 23.61 | 26.58 | OK | |
| r-release-linux-x86_64 | 1.8-4 | 2.43 | 23.34 | 25.77 | OK | |
| r-release-macos-arm64 | 1.8-4 | 1.00 | 15.00 | 16.00 | OK | |
| r-release-macos-x86_64 | 1.8-4 | 3.00 | 23.00 | 26.00 | OK | |
| r-release-windows-x86_64 | 1.8-4 | 5.00 | 50.00 | 55.00 | OK | |
| r-oldrel-macos-arm64 | 1.8-4 | 1.00 | 14.00 | 15.00 | OK | |
| r-oldrel-macos-x86_64 | 1.8-4 | 2.00 | 20.00 | 22.00 | OK | |
| r-oldrel-windows-x86_64 | 1.8-4 | 3.00 | 44.00 | 47.00 | OK | 
Version: 1.8-4
Check: CRAN incoming feasibility
Result: NOTE
  Maintainer: ‘Peter Langfelder <Peter.Langfelder@gmail.com>’
  
  No Authors@R field in DESCRIPTION.
  Please add one, modifying
    Authors@R: c(person(given = "Peter",
                        family = "Langfelder",
                        role = c("aut", "cre"),
                        email = "Peter.Langfelder@gmail.com"),
                 person(given = "Steve",
                        family = "Horvath",
                        role = "aut",
                        email = "SHorvath@mednet.ucla.edu"))
  as necessary.
Flavors: r-devel-linux-x86_64-debian-clang, r-devel-linux-x86_64-debian-gcc