Last updated on 2025-05-03 03:52:03 CEST.
Flavor | Version | Tinstall | Tcheck | Ttotal | Status | Flags |
---|---|---|---|---|---|---|
r-devel-linux-x86_64-debian-clang | 0.14 | 1.75 | 17.38 | 19.13 | NOTE | |
r-devel-linux-x86_64-debian-gcc | 0.14 | 1.34 | 14.22 | 15.56 | NOTE | |
r-devel-linux-x86_64-fedora-clang | 0.14 | 29.55 | OK | |||
r-devel-linux-x86_64-fedora-gcc | 0.14 | 29.13 | OK | |||
r-devel-windows-x86_64 | 0.14 | 2.00 | 37.00 | 39.00 | OK | |
r-patched-linux-x86_64 | 0.14 | 1.74 | 16.66 | 18.40 | OK | |
r-release-linux-x86_64 | OK | |||||
r-release-macos-arm64 | 0.14 | 18.00 | OK | |||
r-release-macos-x86_64 | 0.14 | 28.00 | OK | |||
r-release-windows-x86_64 | 0.14 | 2.00 | 37.00 | 39.00 | OK | |
r-oldrel-macos-arm64 | 0.14 | 16.00 | NOTE | |||
r-oldrel-macos-x86_64 | 0.14 | 35.00 | NOTE | |||
r-oldrel-windows-x86_64 | 0.14 | 2.00 | 36.00 | 38.00 | NOTE |
Version: 0.14
Check: CRAN incoming feasibility
Result: NOTE
Maintainer: ‘Rishabh Gupta <rishabh.uk@gmail.com>’
No Authors@R field in DESCRIPTION.
Please add one, modifying
Authors@R: c(person(given = "Rishabh",
family = "Gupta",
role = c("aut", "cre"),
email = "rishabh.uk@gmail.com"),
person(given = c("Nicholas", "J."),
family = "Matzke",
role = "aut"),
person(given = c("Dept.", "of", "Integrative"),
family = "Biology",
role = "aut"),
person(given = "U.C.",
family = "Berkeley",
role = "aut"))
as necessary.
Flavors: r-devel-linux-x86_64-debian-clang, r-devel-linux-x86_64-debian-gcc
Version: 0.14
Check: LazyData
Result: NOTE
'LazyData' is specified without a 'data' directory
Flavors: r-oldrel-macos-arm64, r-oldrel-macos-x86_64, r-oldrel-windows-x86_64