Last updated on 2025-05-02 03:51:15 CEST.
Flavor | Version | Tinstall | Tcheck | Ttotal | Status | Flags |
---|---|---|---|---|---|---|
r-devel-linux-x86_64-debian-clang | 1.2.2 | 122.93 | 26.74 | 149.67 | OK | |
r-devel-linux-x86_64-debian-gcc | 1.2.2 | 99.36 | 21.53 | 120.89 | OK | |
r-devel-linux-x86_64-fedora-clang | 1.2.2 | 278.00 | OK | |||
r-devel-linux-x86_64-fedora-gcc | 1.2.2 | 305.35 | OK | |||
r-devel-windows-x86_64 | 1.2.2 | 139.00 | 85.00 | 224.00 | OK | |
r-patched-linux-x86_64 | 1.2.2 | 134.45 | 25.42 | 159.87 | OK | |
r-release-linux-x86_64 | OK | |||||
r-release-macos-arm64 | 1.2.2 | 65.00 | OK | |||
r-release-macos-x86_64 | 1.2.2 | 89.00 | OK | |||
r-release-windows-x86_64 | 1.2.2 | 140.00 | 83.00 | 223.00 | OK | |
r-oldrel-macos-arm64 | 1.2.2 | 61.00 | NOTE | |||
r-oldrel-macos-x86_64 | 1.2.2 | 70.00 | NOTE | |||
r-oldrel-windows-x86_64 | 1.2.2 | 158.00 | 90.00 | 248.00 | OK |
Version: 1.2.2
Check: installed package size
Result: NOTE
installed size is 10.6Mb
sub-directories of 1Mb or more:
libs 10.4Mb
Flavors: r-oldrel-macos-arm64, r-oldrel-macos-x86_64