Last updated on 2025-11-15 03:50:18 CET.
| Flavor | Version | Tinstall | Tcheck | Ttotal | Status | Flags |
|---|---|---|---|---|---|---|
| r-devel-linux-x86_64-debian-clang | 0.1-6 | 11.42 | 101.62 | 113.04 | NOTE | |
| r-devel-linux-x86_64-debian-gcc | 0.1-6 | 7.14 | 71.69 | 78.83 | NOTE | |
| r-devel-linux-x86_64-fedora-clang | 0.1-6 | 28.00 | 145.55 | 173.55 | OK | |
| r-devel-linux-x86_64-fedora-gcc | 0.1-6 | 25.00 | 153.14 | 178.14 | OK | |
| r-devel-windows-x86_64 | 0.1-6 | 13.00 | 136.00 | 149.00 | OK | |
| r-patched-linux-x86_64 | 0.1-6 | 11.74 | 98.86 | 110.60 | OK | |
| r-release-linux-x86_64 | 0.1-6 | 10.75 | 100.30 | 111.05 | OK | |
| r-release-macos-arm64 | 0.1-6 | 5.00 | 54.00 | 59.00 | OK | |
| r-release-macos-x86_64 | 0.1-6 | 9.00 | 97.00 | 106.00 | OK | |
| r-release-windows-x86_64 | 0.1-6 | 10.00 | 134.00 | 144.00 | OK | |
| r-oldrel-macos-arm64 | 0.1-6 | 4.00 | 47.00 | 51.00 | OK | |
| r-oldrel-macos-x86_64 | 0.1-6 | 7.00 | 76.00 | 83.00 | OK | |
| r-oldrel-windows-x86_64 | 0.1-6 | 16.00 | 156.00 | 172.00 | OK |
Version: 0.1-6
Check: CRAN incoming feasibility
Result: NOTE
Maintainer: ‘E. Lopez-Vizcaino <esther.lopez@ige.eu>’
No Authors@R field in DESCRIPTION.
Please add one, modifying
Authors@R: c(person(given = "E.",
family = "Lopez-Vizcaino",
role = c("aut", "cre"),
email = "esther.lopez@ige.eu"),
person(given = "M.J.",
family = "Lombardia",
role = "aut"),
person(given = "D.",
family = "Morales",
role = "aut"))
as necessary.
Flavors: r-devel-linux-x86_64-debian-clang, r-devel-linux-x86_64-debian-gcc