Last updated on 2025-05-02 03:51:15 CEST.
Flavor | Version | Tinstall | Tcheck | Ttotal | Status | Flags |
---|---|---|---|---|---|---|
r-devel-linux-x86_64-debian-clang | 1.2-8 | 3.15 | 23.04 | 26.19 | NOTE | |
r-devel-linux-x86_64-debian-gcc | 1.2-8 | 2.18 | 18.45 | 20.63 | NOTE | |
r-devel-linux-x86_64-fedora-clang | 1.2-8 | 38.98 | OK | |||
r-devel-linux-x86_64-fedora-gcc | 1.2-8 | 37.72 | OK | |||
r-devel-windows-x86_64 | 1.2-8 | 5.00 | 58.00 | 63.00 | OK | |
r-patched-linux-x86_64 | 1.2-8 | 2.76 | 21.34 | 24.10 | OK | |
r-release-linux-x86_64 | OK | |||||
r-release-macos-arm64 | 1.2-8 | 18.00 | OK | |||
r-release-macos-x86_64 | 1.2-8 | 29.00 | OK | |||
r-release-windows-x86_64 | 1.2-8 | 6.00 | 57.00 | 63.00 | OK | |
r-oldrel-macos-arm64 | 1.2-8 | 17.00 | OK | |||
r-oldrel-macos-x86_64 | 1.2-8 | 25.00 | OK | |||
r-oldrel-windows-x86_64 | 1.2-8 | 6.00 | 52.00 | 58.00 | OK |
Version: 1.2-8
Check: CRAN incoming feasibility
Result: NOTE
Maintainer: ‘Kengo Nagashima <nshi1201@gmail.com>’
Package CITATION file contains call(s) to old-style personList() or
as.personList(). Please use c() on person objects instead.
Package CITATION file contains call(s) to old-style citEntry(). Please
use bibentry() instead.
Found the following URLs which should use \doi (with the DOI name only):
File ‘mmcm-package.Rd’:
http://dx.doi.org/10.2202/1544-6115.1560
File ‘mmcm.mvt.Rd’:
http://dx.doi.org/10.2202/1544-6115.1560
File ‘mmcm.resamp.Rd’:
http://dx.doi.org/10.2202/1544-6115.1560
Flavors: r-devel-linux-x86_64-debian-clang, r-devel-linux-x86_64-debian-gcc