Last updated on 2025-07-19 03:48:38 CEST.
Flavor | Version | Tinstall | Tcheck | Ttotal | Status | Flags |
---|---|---|---|---|---|---|
r-devel-linux-x86_64-debian-clang | 0.5.2 | 4.84 | 121.86 | 126.70 | NOTE | |
r-devel-linux-x86_64-debian-gcc | 0.5.2 | 3.12 | 92.19 | 95.31 | NOTE | |
r-devel-linux-x86_64-fedora-clang | 0.6.0 | 188.17 | OK | |||
r-devel-linux-x86_64-fedora-gcc | 0.6.0 | 191.03 | OK | |||
r-devel-windows-x86_64 | 0.5.2 | 6.00 | 124.00 | 130.00 | NOTE | |
r-patched-linux-x86_64 | 0.5.2 | 4.91 | 110.49 | 115.40 | NOTE | |
r-release-linux-x86_64 | 0.5.2 | 4.41 | 111.04 | 115.45 | NOTE | |
r-release-macos-arm64 | 0.5.2 | 64.00 | OK | |||
r-release-macos-x86_64 | 0.6.0 | 127.00 | OK | |||
r-release-windows-x86_64 | 0.6.0 | 9.00 | 146.00 | 155.00 | OK | |
r-oldrel-macos-arm64 | 0.5.2 | 52.00 | OK | |||
r-oldrel-macos-x86_64 | 0.6.0 | 135.00 | NOTE | |||
r-oldrel-windows-x86_64 | 0.5.2 | 8.00 | 160.00 | 168.00 | OK |
Version: 0.5.2
Check: Rd cross-references
Result: NOTE
Found the following Rd file(s) with Rd \link{} targets missing package
anchors:
as_duckdb_backend.Rd: DataBackendDataTable, as_data_backend,
DataBackend, Task
as_sqlite_backend.Rd: DataBackendDataTable, as_data_backend,
DataBackend, Task
Please provide package anchors for all Rd \link{} targets not in the
package itself and the base packages.
Flavors: r-devel-linux-x86_64-debian-clang, r-devel-linux-x86_64-debian-gcc, r-devel-windows-x86_64, r-patched-linux-x86_64, r-release-linux-x86_64
Version: 0.6.0
Check: package dependencies
Result: NOTE
Package suggested but not available for checking: ‘polars’
Flavor: r-oldrel-macos-x86_64
Version: 0.6.0
Check: Rd cross-references
Result: NOTE
Package unavailable to check Rd xrefs: ‘polars’
Flavor: r-oldrel-macos-x86_64