Last updated on 2025-05-18 03:50:23 CEST.
Flavor | Version | Tinstall | Tcheck | Ttotal | Status | Flags |
---|---|---|---|---|---|---|
r-devel-linux-x86_64-debian-clang | 6.3-1 | 15.93 | 147.39 | 163.32 | NOTE | |
r-devel-linux-x86_64-debian-gcc | 6.3-1 | 11.00 | 102.14 | 113.14 | NOTE | |
r-devel-linux-x86_64-fedora-clang | 6.3-1 | 260.74 | OK | |||
r-devel-linux-x86_64-fedora-gcc | 6.3-1 | 269.57 | OK | |||
r-devel-windows-x86_64 | 6.3-1 | 19.00 | 142.00 | 161.00 | OK | |
r-patched-linux-x86_64 | 6.3-1 | 17.45 | 140.40 | 157.85 | OK | |
r-release-linux-x86_64 | 6.3-1 | 15.15 | 138.94 | 154.09 | OK | |
r-release-macos-arm64 | 6.3-1 | 96.00 | OK | |||
r-release-macos-x86_64 | 6.3-1 | 189.00 | OK | |||
r-release-windows-x86_64 | 6.3-1 | 17.00 | 137.00 | 154.00 | OK | |
r-oldrel-macos-arm64 | 6.3-1 | 68.00 | OK | |||
r-oldrel-macos-x86_64 | 6.3-1 | 108.00 | OK | |||
r-oldrel-windows-x86_64 | 6.3-1 | 23.00 | 195.00 | 218.00 | OK |
Version: 6.3-1
Check: CRAN incoming feasibility
Result: NOTE
Maintainer: ‘Qingzhao Yu <qyu@lsuhsc.edu>’
No Authors@R field in DESCRIPTION.
Please add one, modifying
Authors@R: c(person(given = "Qingzhao",
family = "Yu",
role = c("aut", "cre"),
email = "qyu@lsuhsc.edu"),
person(given = "Bin",
family = "Li",
role = "aut"))
as necessary.
Flavors: r-devel-linux-x86_64-debian-clang, r-devel-linux-x86_64-debian-gcc