Last updated on 2025-04-30 03:50:58 CEST.
Flavor | Version | Tinstall | Tcheck | Ttotal | Status | Flags |
---|---|---|---|---|---|---|
r-devel-linux-x86_64-debian-clang | 2.0.0.1 | 30.84 | 258.14 | 288.98 | NOTE | |
r-devel-linux-x86_64-debian-gcc | 2.0.0.1 | 17.93 | 168.46 | 186.39 | NOTE | |
r-devel-linux-x86_64-fedora-clang | 2.0.0.1 | 445.83 | OK | |||
r-devel-linux-x86_64-fedora-gcc | 2.0.0.1 | 433.30 | OK | |||
r-devel-windows-x86_64 | 2.0.0.1 | 35.00 | 321.00 | 356.00 | OK | |
r-patched-linux-x86_64 | 2.0.0.1 | 31.85 | 238.63 | 270.48 | OK | |
r-release-linux-x86_64 | 2.0.0.1 | 28.82 | 237.43 | 266.25 | OK | |
r-release-macos-arm64 | 2.0.0.1 | 109.00 | OK | |||
r-release-macos-x86_64 | 2.0.0.1 | 244.00 | OK | |||
r-release-windows-x86_64 | 2.0.0.1 | 36.00 | 314.00 | 350.00 | OK | |
r-oldrel-macos-arm64 | 2.0.0.1 | 111.00 | OK | |||
r-oldrel-macos-x86_64 | 2.0.0.1 | 217.00 | OK | |||
r-oldrel-windows-x86_64 | 2.0.0.1 | 46.00 | 429.00 | 475.00 | OK |
Version: 2.0.0.1
Check: CRAN incoming feasibility
Result: NOTE
Maintainer: ‘Derek Young <derek.young@uky.edu>’
Package CITATION file contains call(s) to old-style personList() or
as.personList(). Please use c() on person objects instead.
Package CITATION file contains call(s) to old-style citEntry(). Please
use bibentry() instead.
Flavors: r-devel-linux-x86_64-debian-clang, r-devel-linux-x86_64-debian-gcc
Version: 2.0.0.1
Check: examples
Result: NOTE
Examples with CPU (user + system) or elapsed time > 5s
user system elapsed
plotly_post.beta 7.11 0.072 11.025
Flavor: r-devel-linux-x86_64-debian-clang
Version: 2.0.0.1
Check: examples
Result: NOTE
Examples with CPU (user + system) or elapsed time > 5s
user system elapsed
plotly_post.beta 3.950 0.025 6.312
plotweibullRMM 1.487 0.061 5.204
Flavor: r-devel-linux-x86_64-debian-gcc