Last updated on 2025-11-27 03:50:20 CET.
| Flavor | Version | Tinstall | Tcheck | Ttotal | Status | Flags |
|---|---|---|---|---|---|---|
| r-devel-linux-x86_64-debian-clang | 1.0-3 | 57.81 | 30.09 | 87.90 | NOTE | |
| r-devel-linux-x86_64-debian-gcc | 1.0-3 | 43.53 | 29.02 | 72.55 | NOTE | |
| r-devel-linux-x86_64-fedora-clang | 1.0-3 | 124.00 | 17.29 | 141.29 | NOTE | |
| r-devel-linux-x86_64-fedora-gcc | 1.0-3 | 97.00 | 58.48 | 155.48 | NOTE | |
| r-devel-windows-x86_64 | 1.0-3 | 59.00 | 73.00 | 132.00 | NOTE | |
| r-patched-linux-x86_64 | 1.0-3 | 65.29 | 34.17 | 99.46 | NOTE | |
| r-release-linux-x86_64 | 1.0-3 | 63.07 | 34.47 | 97.54 | NOTE | |
| r-release-macos-arm64 | 1.0-3 | NOTE | ||||
| r-release-macos-x86_64 | 1.0-3 | 52.00 | 41.00 | 93.00 | NOTE | |
| r-release-windows-x86_64 | 1.0-3 | 60.00 | 84.00 | 144.00 | NOTE | |
| r-oldrel-macos-arm64 | 1.0-3 | NOTE | ||||
| r-oldrel-macos-x86_64 | 1.0-3 | 31.00 | 28.00 | 59.00 | NOTE | |
| r-oldrel-windows-x86_64 | 1.0-3 | 69.00 | 88.00 | 157.00 | NOTE |
Version: 1.0-3
Check: CRAN incoming feasibility
Result: NOTE
Maintainer: ‘Dianpeng Wang <wdp@bit.edu.cn>’
No Authors@R field in DESCRIPTION.
Please add one, modifying
Authors@R: c(person(given = "Dianpeng",
family = "Wang",
role = c("aut", "cre"),
email = "wdp@bit.edu.cn"),
person(given = c("V.", "Roshan"),
family = "Joseph",
role = "aut"))
as necessary.
Flavors: r-devel-linux-x86_64-debian-clang, r-devel-linux-x86_64-debian-gcc
Version: 1.0-3
Check: C++ specification
Result: NOTE
Specified C++11: please drop specification unless essential
Flavors: r-devel-linux-x86_64-debian-clang, r-devel-linux-x86_64-debian-gcc, r-devel-windows-x86_64, r-patched-linux-x86_64, r-release-linux-x86_64, r-release-macos-arm64, r-release-macos-x86_64, r-release-windows-x86_64, r-oldrel-macos-arm64, r-oldrel-macos-x86_64, r-oldrel-windows-x86_64
Version: 1.0-3
Check: C++ specification
Result: NOTE
Specified C++11: support will be removed soon
Flavors: r-devel-linux-x86_64-fedora-clang, r-devel-linux-x86_64-fedora-gcc
Version: 1.0-3
Check: installed package size
Result: NOTE
installed size is 27.6Mb
sub-directories of 1Mb or more:
libs 27.5Mb
Flavors: r-oldrel-macos-arm64, r-oldrel-macos-x86_64