CRAN Package Check Results for Package minb

Last updated on 2025-05-01 03:49:55 CEST.

Flavor Version Tinstall Tcheck Ttotal Status Flags
r-devel-linux-x86_64-debian-clang 0.1.0 1.90 25.01 26.91 NOTE
r-devel-linux-x86_64-debian-gcc 0.1.0 1.70 19.27 20.97 NOTE
r-devel-linux-x86_64-fedora-clang 0.1.0 43.60 OK
r-devel-linux-x86_64-fedora-gcc 0.1.0 45.25 OK
r-devel-windows-x86_64 0.1.0 3.00 47.00 50.00 OK
r-patched-linux-x86_64 0.1.0 2.04 24.49 26.53 OK
r-release-linux-x86_64 0.1.0 1.98 23.84 25.82 OK
r-release-macos-arm64 0.1.0 21.00 OK
r-release-macos-x86_64 0.1.0 44.00 OK
r-release-windows-x86_64 0.1.0 3.00 52.00 55.00 OK
r-oldrel-macos-arm64 0.1.0 19.00 OK
r-oldrel-macos-x86_64 0.1.0 30.00 OK
r-oldrel-windows-x86_64 0.1.0 3.00 50.00 53.00 OK

Check Details

Version: 0.1.0
Check: CRAN incoming feasibility
Result: NOTE Maintainer: ‘Mingcong Wu <wumingcong@ruc.edu.cn>’ The Description field contains <arXiv:2309.15585>. Please refer to arXiv e-prints via their arXiv DOI <doi:10.48550/arXiv.YYMM.NNNNN>. Flavors: r-devel-linux-x86_64-debian-clang, r-devel-linux-x86_64-debian-gcc

Version: 0.1.0
Check: examples
Result: NOTE Examples with CPU (user + system) or elapsed time > 5s user system elapsed minb 4.005 0.095 5.084 Flavor: r-devel-linux-x86_64-debian-clang