Last updated on 2025-05-17 03:49:11 CEST.
Flavor | Version | Tinstall | Tcheck | Ttotal | Status | Flags |
---|---|---|---|---|---|---|
r-devel-linux-x86_64-debian-clang | 1.0-45 | 15.81 | 140.44 | 156.25 | NOTE | |
r-devel-linux-x86_64-debian-gcc | 1.0-45 | 11.37 | 101.66 | 113.03 | NOTE | |
r-devel-linux-x86_64-fedora-clang | 1.0-45 | 258.30 | OK | |||
r-devel-linux-x86_64-fedora-gcc | 1.0-45 | 256.32 | OK | |||
r-devel-windows-x86_64 | 1.0-45 | 18.00 | 152.00 | 170.00 | NOTE | |
r-patched-linux-x86_64 | 1.0-45 | 16.59 | 127.86 | 144.45 | NOTE | |
r-release-linux-x86_64 | 1.0-45 | 16.20 | 131.22 | 147.42 | NOTE | |
r-release-macos-arm64 | 1.0-45 | 73.00 | OK | |||
r-release-macos-x86_64 | 1.0-45 | 72.00 | OK | |||
r-release-windows-x86_64 | 1.0-45 | 17.00 | 155.00 | 172.00 | NOTE | |
r-oldrel-macos-arm64 | 1.0-45 | 72.00 | OK | |||
r-oldrel-macos-x86_64 | 1.0-45 | 121.00 | OK | |||
r-oldrel-windows-x86_64 | 1.0-45 | 24.00 | 187.00 | 211.00 | OK |
Version: 1.0-45
Check: CRAN incoming feasibility
Result: NOTE
Maintainer: ‘Richard M. Heiberger <rmh@temple.edu>’
No Authors@R field in DESCRIPTION.
Please add one, modifying
Authors@R: c(person(given = c("Richard", "M."),
family = "Heiberger",
role = c("aut", "cre"),
email = "rmh@temple.edu"),
person(given = c("with", "contributions", "from", "Karen"),
family = "Byron",
role = "aut"),
person(given = "Nooreen",
family = "Dabbish.",
role = "aut"))
as necessary.
Flavors: r-devel-linux-x86_64-debian-clang, r-devel-linux-x86_64-debian-gcc
Version: 1.0-45
Check: Rd cross-references
Result: NOTE
Found the following Rd file(s) with Rd \link{} targets missing package
anchors:
latex.AEdotplot.Rd: flextable
msWord.Rd: flextable
Please provide package anchors for all Rd \link{} targets not in the
package itself and the base packages.
Flavors: r-devel-linux-x86_64-debian-clang, r-devel-linux-x86_64-debian-gcc, r-devel-windows-x86_64, r-patched-linux-x86_64, r-release-linux-x86_64, r-release-windows-x86_64