Last updated on 2025-05-02 03:51:14 CEST.
Flavor | Version | Tinstall | Tcheck | Ttotal | Status | Flags |
---|---|---|---|---|---|---|
r-devel-linux-x86_64-debian-clang | 0.0.8 | 4.15 | 47.96 | 52.11 | NOTE | |
r-devel-linux-x86_64-debian-gcc | 0.0.8 | 3.58 | 33.31 | 36.89 | OK | |
r-devel-linux-x86_64-fedora-clang | 0.0.8 | 81.40 | OK | |||
r-devel-linux-x86_64-fedora-gcc | 0.0.8 | 79.61 | OK | |||
r-devel-windows-x86_64 | 0.0.8 | 7.00 | 69.00 | 76.00 | OK | |
r-patched-linux-x86_64 | 0.0.8 | 4.58 | 45.06 | 49.64 | OK | |
r-release-linux-x86_64 | OK | |||||
r-release-macos-arm64 | 0.0.8 | 25.00 | OK | |||
r-release-macos-x86_64 | 0.0.8 | 57.00 | OK | |||
r-release-windows-x86_64 | 0.0.8 | 8.00 | 74.00 | 82.00 | OK | |
r-oldrel-macos-arm64 | 0.0.8 | 32.00 | OK | |||
r-oldrel-macos-x86_64 | 0.0.8 | 58.00 | OK | |||
r-oldrel-windows-x86_64 | 0.0.8 | 9.00 | 76.00 | 85.00 | OK |
Version: 0.0.8
Check: examples
Result: NOTE
Examples with CPU (user + system) or elapsed time > 5s
user system elapsed
plot.mfpp 6.166 0.269 8.056
paretores 5.045 0.016 6.498
Flavor: r-devel-linux-x86_64-debian-clang