CRAN Package Check Results for Package mfdb

Last updated on 2025-05-02 03:51:14 CEST.

Flavor Version Tinstall Tcheck Ttotal Status Flags
r-devel-linux-x86_64-debian-clang 7.3-1 7.59 122.10 129.69 NOTE
r-devel-linux-x86_64-debian-gcc 7.3-1 4.73 88.22 92.95 NOTE
r-devel-linux-x86_64-fedora-clang 7.3-1 198.35 OK
r-devel-linux-x86_64-fedora-gcc 7.3-1 199.47 OK
r-devel-windows-x86_64 7.3-1 10.00 127.00 137.00 OK
r-patched-linux-x86_64 7.3-1 8.01 114.91 122.92 NOTE
r-release-linux-x86_64 NOTE
r-release-macos-arm64 7.3-1 78.00 OK
r-release-macos-x86_64 7.3-1 131.00 OK
r-release-windows-x86_64 7.3-1 10.00 126.00 136.00 OK
r-oldrel-macos-arm64 7.3-1 62.00 OK
r-oldrel-macos-x86_64 7.3-1 90.00 OK
r-oldrel-windows-x86_64 7.3-1 11.00 165.00 176.00 OK

Check Details

Version: 7.3-1
Check: examples
Result: NOTE Examples with CPU (user + system) or elapsed time > 5s user system elapsed mfdb_bulk 4.651 0.123 7.120 mfdb_dplyr 4.182 0.171 6.503 gadget_areafile 3.029 0.222 6.020 gadget_fleetfile 2.816 0.118 5.710 mfdb_import_data 2.743 0.099 5.169 gadget_stockfile 2.516 0.114 5.387 Flavor: r-devel-linux-x86_64-debian-clang

Version: 7.3-1
Check: for unstated dependencies in ‘demo’
Result: NOTE 'library' or 'require' call not declared from: ‘tibble’ Flavors: r-devel-linux-x86_64-debian-clang, r-devel-linux-x86_64-debian-gcc, r-patched-linux-x86_64, r-release-linux-x86_64