Last updated on 2025-11-15 03:50:17 CET.
| Flavor | Version | Tinstall | Tcheck | Ttotal | Status | Flags |
|---|---|---|---|---|---|---|
| r-devel-linux-x86_64-debian-clang | 1.3.8 | 274.52 | 506.29 | 780.81 | OK | |
| r-devel-linux-x86_64-debian-gcc | 1.3.8 | 188.52 | 370.21 | 558.73 | OK | |
| r-devel-linux-x86_64-fedora-clang | 1.3.8 | 473.00 | 821.65 | 1294.65 | OK | |
| r-devel-linux-x86_64-fedora-gcc | 1.3.8 | 424.00 | 887.03 | 1311.03 | OK | |
| r-devel-windows-x86_64 | 1.3.8 | 320.00 | 502.00 | 822.00 | OK | |
| r-patched-linux-x86_64 | 1.3.8 | 296.99 | 486.68 | 783.67 | OK | |
| r-release-linux-x86_64 | 1.3.8 | 282.17 | 486.08 | 768.25 | OK | |
| r-release-macos-arm64 | 1.3.8 | 102.00 | 212.00 | 314.00 | OK | |
| r-release-macos-x86_64 | 1.3.8 | 144.00 | 557.00 | 701.00 | OK | |
| r-release-windows-x86_64 | 1.3.8 | 298.00 | 494.00 | 792.00 | OK | |
| r-oldrel-macos-arm64 | 1.3.8 | 98.00 | 217.00 | 315.00 | NOTE | |
| r-oldrel-macos-x86_64 | 1.3.8 | 141.00 | 549.00 | 690.00 | NOTE | |
| r-oldrel-windows-x86_64 | 1.3.8 | 362.00 | 686.00 | 1048.00 | NOTE |
Version: 1.3.8
Check: installed package size
Result: NOTE
installed size is 28.9Mb
sub-directories of 1Mb or more:
R 2.0Mb
doc 3.4Mb
libs 21.4Mb
Flavors: r-oldrel-macos-arm64, r-oldrel-macos-x86_64, r-oldrel-windows-x86_64