CRAN Package Check Results for Package metaprotr

Last updated on 2025-04-30 03:50:58 CEST.

Flavor Version Tinstall Tcheck Ttotal Status Flags
r-devel-linux-x86_64-debian-clang 1.2.2 9.82 64.60 74.42 NOTE
r-devel-linux-x86_64-debian-gcc 1.2.2 6.40 43.01 49.41 OK
r-devel-linux-x86_64-fedora-clang 1.2.2 115.60 NOTE
r-devel-linux-x86_64-fedora-gcc 1.2.2 109.90 NOTE
r-devel-windows-x86_64 1.2.2 11.00 81.00 92.00 OK
r-patched-linux-x86_64 1.2.2 10.22 58.90 69.12 OK
r-release-linux-x86_64 1.2.2 9.09 58.03 67.12 OK
r-release-macos-arm64 1.2.2 33.00 OK
r-release-macos-x86_64 1.2.2 56.00 OK
r-release-windows-x86_64 1.2.2 11.00 78.00 89.00 OK
r-oldrel-macos-arm64 1.2.2 33.00 OK
r-oldrel-macos-x86_64 1.2.2 47.00 OK
r-oldrel-windows-x86_64 1.2.2 15.00 91.00 106.00 OK

Check Details

Version: 1.2.2
Check: examples
Result: NOTE Examples with CPU (user + system) or elapsed time > 5s user system elapsed crumble_taxonomy 8.442 0.114 11.253 Flavor: r-devel-linux-x86_64-debian-clang

Version: 1.2.2
Check: dependencies in R code
Result: NOTE Namespaces in Imports field not imported from: ‘ade4’ ‘dendextend’ ‘ggforce’ ‘ggrepel’ ‘stringr’ ‘tidyverse’ All declared Imports should be used. Flavors: r-devel-linux-x86_64-fedora-clang, r-devel-linux-x86_64-fedora-gcc