Last updated on 2025-04-30 03:50:58 CEST.
Flavor | Version | Tinstall | Tcheck | Ttotal | Status | Flags |
---|---|---|---|---|---|---|
r-devel-linux-x86_64-debian-clang | 0.3.8 | 34.39 | 192.42 | 226.81 | NOTE | |
r-devel-linux-x86_64-debian-gcc | 0.3.8 | 22.75 | 126.16 | 148.91 | NOTE | |
r-devel-linux-x86_64-fedora-clang | 0.3.8 | 381.08 | NOTE | |||
r-devel-linux-x86_64-fedora-gcc | 0.3.8 | 362.44 | NOTE | |||
r-devel-windows-x86_64 | 0.3.8 | 37.00 | 255.00 | 292.00 | OK | |
r-patched-linux-x86_64 | 0.3.8 | 36.08 | 179.16 | 215.24 | OK | |
r-release-linux-x86_64 | 0.3.8 | 36.18 | 180.19 | 216.37 | OK | |
r-release-macos-arm64 | 0.3.8 | 93.00 | OK | |||
r-release-macos-x86_64 | 0.3.8 | 126.00 | OK | |||
r-release-windows-x86_64 | 0.3.8 | 39.00 | 255.00 | 294.00 | OK | |
r-oldrel-macos-arm64 | 0.3.8 | 97.00 | OK | |||
r-oldrel-macos-x86_64 | 0.3.8 | 133.00 | OK | |||
r-oldrel-windows-x86_64 | 0.3.8 | 51.00 | 306.00 | 357.00 | OK |
Version: 0.3.8
Check: examples
Result: NOTE
Examples with CPU (user + system) or elapsed time > 5s
user system elapsed
calc_taxon_abund 5.992 0.007 8.104
Flavor: r-devel-linux-x86_64-debian-clang
Version: 0.3.8
Check: examples
Result: NOTE
Examples with CPU (user + system) or elapsed time > 5s
user system elapsed
calc_taxon_abund 3.251 0.005 5.326
Flavor: r-devel-linux-x86_64-debian-gcc
Version: 0.3.8
Check: dependencies in R code
Result: NOTE
Namespace in Imports field not imported from: ‘R6’
All declared Imports should be used.
Flavors: r-devel-linux-x86_64-fedora-clang, r-devel-linux-x86_64-fedora-gcc