Last updated on 2025-11-03 03:49:47 CET.
| Flavor | Version | Tinstall | Tcheck | Ttotal | Status | Flags |
|---|---|---|---|---|---|---|
| r-devel-linux-x86_64-debian-clang | 1.2.2 | 18.48 | 184.05 | 202.53 | OK | |
| r-devel-linux-x86_64-debian-gcc | 1.2.2 | 12.62 | 136.76 | 149.38 | OK | |
| r-devel-linux-x86_64-fedora-clang | 1.2.2 | 39.00 | 271.50 | 310.50 | OK | |
| r-devel-linux-x86_64-fedora-gcc | 1.2.2 | 36.00 | 274.19 | 310.19 | OK | |
| r-devel-windows-x86_64 | 1.2.2 | 18.00 | 200.00 | 218.00 | OK | |
| r-patched-linux-x86_64 | 1.2.2 | 18.13 | 174.11 | 192.24 | OK | |
| r-release-linux-x86_64 | 1.2.2 | 17.14 | 172.81 | 189.95 | OK | |
| r-release-macos-arm64 | 1.2.2 | 8.00 | 86.00 | 94.00 | OK | |
| r-release-macos-x86_64 | 1.2.2 | 24.00 | 192.00 | 216.00 | OK | |
| r-release-windows-x86_64 | 1.2.2 | 17.00 | 187.00 | 204.00 | OK | |
| r-oldrel-macos-arm64 | 1.2.2 | 7.00 | 85.00 | 92.00 | NOTE | |
| r-oldrel-macos-x86_64 | 1.2.2 | 16.00 | 177.00 | 193.00 | NOTE | |
| r-oldrel-windows-x86_64 | 1.2.2 | 27.00 | 251.00 | 278.00 | NOTE |
Version: 1.2.2
Check: installed package size
Result: NOTE
installed size is 5.2Mb
sub-directories of 1Mb or more:
data 4.2Mb
Flavors: r-oldrel-macos-arm64, r-oldrel-macos-x86_64, r-oldrel-windows-x86_64