CRAN Package Check Results for Package memgene

Last updated on 2025-07-20 03:49:36 CEST.

Flavor Version Tinstall Tcheck Ttotal Status Flags
r-devel-linux-x86_64-debian-clang 1.0.2 36.39 308.45 344.84 NOTE
r-devel-linux-x86_64-debian-gcc 1.0.2 21.71 201.44 223.15 NOTE
r-devel-linux-x86_64-fedora-clang 1.0.2 552.09 NOTE
r-devel-linux-x86_64-fedora-gcc 1.0.2 531.34 NOTE
r-devel-windows-x86_64 1.0.2 32.00 245.00 277.00 NOTE
r-patched-linux-x86_64 1.0.2 32.67 289.36 322.03 NOTE
r-release-linux-x86_64 1.0.2 33.09 300.38 333.47 NOTE
r-release-macos-arm64 1.0.2 134.00 NOTE
r-release-macos-x86_64 1.0.2 262.00 NOTE
r-release-windows-x86_64 1.0.2 31.00 248.00 279.00 NOTE
r-oldrel-macos-arm64 1.0.2 120.00 NOTE
r-oldrel-macos-x86_64 1.0.2 320.00 NOTE
r-oldrel-windows-x86_64 1.0.2 46.00 334.00 380.00 NOTE

Check Details

Version: 1.0.2
Check: CRAN incoming feasibility
Result: NOTE Maintainer: ‘Paul Galpern <pgalpern@ucalgary.ca>’ No Authors@R field in DESCRIPTION. Please add one, modifying Authors@R: c(person(given = "Pedro", family = "Peres-Neto", role = "aut"), person(given = "Paul", family = "Galpern", role = c("aut", "cre"), email = "pgalpern@ucalgary.ca")) as necessary. Flavors: r-devel-linux-x86_64-debian-clang, r-devel-linux-x86_64-debian-gcc

Version: 1.0.2
Check: Rd files
Result: NOTE checkRd: (-1) mgLandscape.Rd:79: Lost braces 79 | A code{$summary} table giving the results of the variation partitioning. The following table | ^ Flavors: r-devel-linux-x86_64-debian-clang, r-devel-linux-x86_64-debian-gcc, r-devel-linux-x86_64-fedora-clang, r-devel-linux-x86_64-fedora-gcc, r-devel-windows-x86_64, r-patched-linux-x86_64, r-release-linux-x86_64, r-release-macos-arm64, r-release-macos-x86_64, r-release-windows-x86_64, r-oldrel-macos-arm64, r-oldrel-macos-x86_64, r-oldrel-windows-x86_64

Version: 1.0.2
Check: Rd cross-references
Result: NOTE Found the following Rd file(s) with Rd \link{} targets missing package anchors: mgLandscape.Rd: raster mgMap.Rd: ade4 Please provide package anchors for all Rd \link{} targets not in the package itself and the base packages. Flavors: r-devel-linux-x86_64-debian-clang, r-devel-linux-x86_64-debian-gcc, r-devel-windows-x86_64, r-patched-linux-x86_64, r-release-linux-x86_64, r-release-windows-x86_64