Last updated on 2025-05-04 03:50:58 CEST.
Flavor | Version | Tinstall | Tcheck | Ttotal | Status | Flags |
---|---|---|---|---|---|---|
r-devel-linux-x86_64-debian-clang | 1.8 | 19.32 | 101.72 | 121.04 | NOTE | |
r-devel-linux-x86_64-debian-gcc | 1.8 | 13.26 | 70.98 | 84.24 | NOTE | |
r-devel-linux-x86_64-fedora-clang | 1.8 | 193.48 | OK | |||
r-devel-linux-x86_64-fedora-gcc | 1.8 | 190.51 | OK | |||
r-devel-windows-x86_64 | 1.8 | 20.00 | 125.00 | 145.00 | OK | |
r-patched-linux-x86_64 | 1.8 | 17.58 | 97.21 | 114.79 | OK | |
r-release-linux-x86_64 | OK | |||||
r-release-macos-arm64 | 1.8 | 57.00 | OK | |||
r-release-macos-x86_64 | 1.8 | 117.00 | OK | |||
r-release-windows-x86_64 | 1.8 | 20.00 | 106.00 | 126.00 | OK | |
r-oldrel-macos-arm64 | 1.8 | 51.00 | OK | |||
r-oldrel-macos-x86_64 | 1.8 | 82.00 | OK | |||
r-oldrel-windows-x86_64 | 1.8 | 28.00 | 130.00 | 158.00 | OK |
Version: 1.8
Check: CRAN incoming feasibility
Result: NOTE
Maintainer: ‘Maengseok Noh <msnoh@pknu.ac.kr>’
No Authors@R field in DESCRIPTION.
Please add one, modifying
Authors@R: c(person(given = "Youngjo",
family = "Lee",
role = "aut"),
person(given = "Marek",
family = "Molas",
role = "aut"),
person(given = "Maengseok",
family = "Noh",
role = c("aut", "cre"),
email = "msnoh@pknu.ac.kr"))
as necessary.
Flavors: r-devel-linux-x86_64-debian-clang, r-devel-linux-x86_64-debian-gcc