Last updated on 2025-05-02 03:51:14 CEST.
Flavor | Version | Tinstall | Tcheck | Ttotal | Status | Flags |
---|---|---|---|---|---|---|
r-devel-linux-x86_64-debian-clang | 0.1.0 | 5.73 | 85.49 | 91.22 | NOTE | |
r-devel-linux-x86_64-debian-gcc | 0.1.0 | 3.96 | 59.58 | 63.54 | OK | |
r-devel-linux-x86_64-fedora-clang | 0.1.0 | 140.68 | OK | |||
r-devel-linux-x86_64-fedora-gcc | 0.1.0 | 163.38 | OK | |||
r-devel-windows-x86_64 | 0.1.0 | 7.00 | 99.00 | 106.00 | OK | |
r-patched-linux-x86_64 | 0.1.0 | 5.77 | 81.13 | 86.90 | OK | |
r-release-linux-x86_64 | OK | |||||
r-release-macos-arm64 | 0.1.0 | 53.00 | OK | |||
r-release-macos-x86_64 | 0.1.0 | 97.00 | OK | |||
r-release-windows-x86_64 | 0.1.0 | 8.00 | 97.00 | 105.00 | OK | |
r-oldrel-macos-arm64 | 0.1.0 | 53.00 | OK | |||
r-oldrel-macos-x86_64 | 0.1.0 | 82.00 | OK | |||
r-oldrel-windows-x86_64 | 0.1.0 | 10.00 | 126.00 | 136.00 | OK |
Version: 0.1.0
Check: examples
Result: NOTE
Examples with CPU (user + system) or elapsed time > 5s
user system elapsed
calc_power 4.442 0.086 5.781
Flavor: r-devel-linux-x86_64-debian-clang