Last updated on 2025-11-04 03:50:56 CET.
| Flavor | Version | Tinstall | Tcheck | Ttotal | Status | Flags | 
|---|---|---|---|---|---|---|
| r-devel-linux-x86_64-debian-clang | 1.0 | 3.30 | 31.51 | 34.81 | NOTE | |
| r-devel-linux-x86_64-debian-gcc | 1.0 | 2.04 | 24.71 | 26.75 | NOTE | |
| r-devel-linux-x86_64-fedora-clang | 1.0 | 50.77 | OK | |||
| r-devel-linux-x86_64-fedora-gcc | 1.0 | 48.53 | OK | |||
| r-devel-windows-x86_64 | 1.0 | 5.00 | 59.00 | 64.00 | OK | |
| r-patched-linux-x86_64 | 1.0 | 3.10 | 29.98 | 33.08 | OK | |
| r-release-linux-x86_64 | 1.0 | 2.48 | 29.59 | 32.07 | OK | |
| r-release-macos-arm64 | 1.0 | 2.00 | 24.00 | 26.00 | OK | |
| r-release-macos-x86_64 | 1.0 | 3.00 | 29.00 | 32.00 | OK | |
| r-release-windows-x86_64 | 1.0 | 4.00 | 50.00 | 54.00 | OK | |
| r-oldrel-macos-arm64 | 1.0 | 2.00 | 18.00 | 20.00 | OK | |
| r-oldrel-macos-x86_64 | 1.0 | 3.00 | 27.00 | 30.00 | OK | |
| r-oldrel-windows-x86_64 | 1.0 | 6.00 | 55.00 | 61.00 | OK | 
Version: 1.0
Check: CRAN incoming feasibility
Result: NOTE
  Maintainer: ‘Tom Prior <tomjamesprior@gmail.com>’
  
  No Authors@R field in DESCRIPTION.
  Please add one, modifying
    Authors@R: person(given = "Tom",
                      family = "Prior",
                      role = c("aut", "cre"),
                      email = "tomjamesprior@gmail.com")
  as necessary.
  
  Found the following URLs which should use \doi (with the DOI name only):
    File ‘maxcombo-package.Rd’:
      https://doi.org/10.1177/0962280220931560
Flavors: r-devel-linux-x86_64-debian-clang, r-devel-linux-x86_64-debian-gcc