Last updated on 2025-05-02 03:51:13 CEST.
Flavor | Version | Tinstall | Tcheck | Ttotal | Status | Flags |
---|---|---|---|---|---|---|
r-devel-linux-x86_64-debian-clang | 0.12.0 | 6.23 | 93.31 | 99.54 | NOTE | |
r-devel-linux-x86_64-debian-gcc | 0.12.0 | 4.65 | 65.94 | 70.59 | OK | |
r-devel-linux-x86_64-fedora-clang | 0.12.0 | 155.10 | OK | |||
r-devel-linux-x86_64-fedora-gcc | 0.12.0 | 166.28 | OK | |||
r-devel-windows-x86_64 | 0.12.0 | 9.00 | 109.00 | 118.00 | OK | |
r-patched-linux-x86_64 | 0.12.0 | 8.38 | 88.46 | 96.84 | OK | |
r-release-linux-x86_64 | OK | |||||
r-release-macos-arm64 | 0.12.0 | 55.00 | OK | |||
r-release-macos-x86_64 | 0.12.0 | 123.00 | OK | |||
r-release-windows-x86_64 | 0.12.0 | 9.00 | 116.00 | 125.00 | OK | |
r-oldrel-macos-arm64 | 0.12.0 | 49.00 | OK | |||
r-oldrel-macos-x86_64 | 0.12.0 | 89.00 | OK | |||
r-oldrel-windows-x86_64 | 0.12.0 | 11.00 | 141.00 | 152.00 | OK |
Version: 0.12.0
Check: examples
Result: NOTE
Examples with CPU (user + system) or elapsed time > 5s
user system elapsed
mf_raster 7.422 0.121 10.548
Flavor: r-devel-linux-x86_64-debian-clang