Last updated on 2025-05-03 03:52:02 CEST.
Flavor | Version | Tinstall | Tcheck | Ttotal | Status | Flags |
---|---|---|---|---|---|---|
r-devel-linux-x86_64-debian-clang | 1.2.11 | 9.20 | 18.17 | 27.37 | NOTE | |
r-devel-linux-x86_64-debian-gcc | 1.2.11 | 7.51 | 15.12 | 22.63 | NOTE | |
r-devel-linux-x86_64-fedora-clang | 1.2.11 | 40.24 | OK | |||
r-devel-linux-x86_64-fedora-gcc | 1.2.11 | 38.29 | OK | |||
r-devel-windows-x86_64 | 1.2.11 | 22.00 | 58.00 | 80.00 | OK | |
r-patched-linux-x86_64 | 1.2.11 | 8.00 | 17.59 | 25.59 | OK | |
r-release-linux-x86_64 | OK | |||||
r-release-macos-arm64 | 1.2.11 | 26.00 | OK | |||
r-release-macos-x86_64 | 1.2.11 | 32.00 | OK | |||
r-release-windows-x86_64 | 1.2.11 | 26.00 | 43.00 | 69.00 | OK | |
r-oldrel-macos-arm64 | 1.2.11 | 28.00 | OK | |||
r-oldrel-macos-x86_64 | 1.2.11 | 27.00 | OK | |||
r-oldrel-windows-x86_64 | 1.2.11 | 27.00 | 46.00 | 73.00 | OK |
Version: 1.2.11
Check: CRAN incoming feasibility
Result: NOTE
Maintainer: ‘Alex Deckmyn <alex.deckmyn@meteo.be>’
No Authors@R field in DESCRIPTION.
Please add one, modifying
Authors@R: c(person(given = c("Doug", "McIlroy.", "Packaged", "for", "R", "by", "Ray"),
family = "Brownrigg",
role = "aut"),
person(given = c("Thomas", "P"),
family = "Minka",
role = "aut"),
person(given = c("transition", "to", "Plan", "9", "codebase", "by", "Roger"),
family = "Bivand.",
role = "aut"),
person(given = "Alex",
family = "Deckmyn",
role = "cre",
email = "alex.deckmyn@meteo.be"))
as necessary.
Flavors: r-devel-linux-x86_64-debian-clang, r-devel-linux-x86_64-debian-gcc