Last updated on 2025-07-18 03:51:02 CEST.
Flavor | Version | Tinstall | Tcheck | Ttotal | Status | Flags |
---|---|---|---|---|---|---|
r-devel-linux-x86_64-debian-clang | 1.1 | 5.97 | 67.56 | 73.53 | NOTE | |
r-devel-linux-x86_64-debian-gcc | 1.1 | 4.24 | 46.10 | 50.34 | NOTE | |
r-devel-linux-x86_64-fedora-clang | 1.1 | 115.25 | OK | |||
r-devel-linux-x86_64-fedora-gcc | 1.1 | 108.41 | OK | |||
r-devel-windows-x86_64 | 1.1 | 8.00 | 83.00 | 91.00 | OK | |
r-patched-linux-x86_64 | 1.1 | 5.74 | 63.16 | 68.90 | OK | |
r-release-linux-x86_64 | 1.1 | 5.04 | 63.85 | 68.89 | OK | |
r-release-macos-arm64 | 1.1 | 32.00 | OK | |||
r-release-macos-x86_64 | 1.1 | 61.00 | OK | |||
r-release-windows-x86_64 | 1.1 | 10.00 | 75.00 | 85.00 | OK | |
r-oldrel-macos-arm64 | 1.1 | 32.00 | OK | |||
r-oldrel-macos-x86_64 | 1.1 | 47.00 | OK | |||
r-oldrel-windows-x86_64 | 1.1 | 10.00 | 96.00 | 106.00 | OK |
Version: 1.1
Check: CRAN incoming feasibility
Result: NOTE
Maintainer: ‘Chris Grace <cgrace@well.ox.ac.uk>’
No Authors@R field in DESCRIPTION.
Please add one, modifying
Authors@R: person(given = "Chris",
family = "Grace",
role = c("aut", "cre"),
email = "cgrace@well.ox.ac.uk")
as necessary.
Flavors: r-devel-linux-x86_64-debian-clang, r-devel-linux-x86_64-debian-gcc