Last updated on 2025-10-01 03:50:45 CEST.
Flavor | Version | Tinstall | Tcheck | Ttotal | Status | Flags |
---|---|---|---|---|---|---|
r-devel-linux-x86_64-debian-clang | 1.2.3 | 42.09 | 154.33 | 196.42 | OK | |
r-devel-linux-x86_64-debian-gcc | 1.2.3 | 26.76 | 110.75 | 137.51 | OK | |
r-devel-linux-x86_64-fedora-clang | 1.2.3 | 351.98 | OK | |||
r-devel-linux-x86_64-fedora-gcc | 1.2.3 | 326.35 | OK | |||
r-devel-windows-x86_64 | 1.2.3 | 40.00 | 175.00 | 215.00 | OK | |
r-patched-linux-x86_64 | 1.2.2 | 37.07 | 147.79 | 184.86 | NOTE | |
r-release-linux-x86_64 | 1.2.3 | 40.86 | 144.28 | 185.14 | OK | |
r-release-macos-arm64 | 1.2.3 | 77.00 | OK | |||
r-release-macos-x86_64 | 1.2.3 | 253.00 | OK | |||
r-release-windows-x86_64 | 1.2.3 | 46.00 | 162.00 | 208.00 | OK | |
r-oldrel-macos-arm64 | 1.2.3 | 93.00 | OK | |||
r-oldrel-macos-x86_64 | 1.2.3 | 251.00 | OK | |||
r-oldrel-windows-x86_64 | 1.2.3 | 45.00 | 201.00 | 246.00 | OK |
Version: 1.2.2
Check: C++ specification
Result: NOTE
Specified C++11: please drop specification unless essential
Flavor: r-patched-linux-x86_64