Last updated on 2025-05-01 03:49:54 CEST.
Flavor | Version | Tinstall | Tcheck | Ttotal | Status | Flags |
---|---|---|---|---|---|---|
r-devel-linux-x86_64-debian-clang | 0.1.0 | 3.07 | 44.14 | 47.21 | OK | |
r-devel-linux-x86_64-debian-gcc | 0.1.0 | 2.08 | 34.28 | 36.36 | OK | |
r-devel-linux-x86_64-fedora-clang | 0.1.0 | 73.21 | NOTE | |||
r-devel-linux-x86_64-fedora-gcc | 0.1.0 | 84.98 | NOTE | |||
r-devel-windows-x86_64 | 0.1.0 | 4.00 | 77.00 | 81.00 | OK | |
r-patched-linux-x86_64 | 0.1.0 | 2.89 | 42.09 | 44.98 | OK | |
r-release-linux-x86_64 | 0.1.0 | 2.79 | 42.55 | 45.34 | OK | |
r-release-macos-arm64 | 0.1.0 | 55.00 | OK | |||
r-release-macos-x86_64 | 0.1.0 | 57.00 | OK | |||
r-release-windows-x86_64 | 0.1.0 | 5.00 | 80.00 | 85.00 | OK | |
r-oldrel-macos-arm64 | 0.1.0 | 32.00 | OK | |||
r-oldrel-macos-x86_64 | 0.1.0 | 47.00 | OK | |||
r-oldrel-windows-x86_64 | 0.1.0 | 5.00 | 77.00 | 82.00 | OK |
Version: 0.1.0
Check: dependencies in R code
Result: NOTE
Namespace in Imports field not imported from: ‘knitr’
All declared Imports should be used.
Flavors: r-devel-linux-x86_64-fedora-clang, r-devel-linux-x86_64-fedora-gcc