CRAN Package Check Results for Package lqmix

Last updated on 2025-05-02 03:51:13 CEST.

Flavor Version Tinstall Tcheck Ttotal Status Flags
r-devel-linux-x86_64-debian-clang 1.1 10.27 80.40 90.67 NOTE
r-devel-linux-x86_64-debian-gcc 1.1 8.76 57.77 66.53 OK
r-devel-linux-x86_64-fedora-clang 1.1 143.29 OK
r-devel-linux-x86_64-fedora-gcc 1.1 137.86 OK
r-devel-windows-x86_64 1.1 12.00 101.00 113.00 OK
r-patched-linux-x86_64 1.1 11.99 76.92 88.91 OK
r-release-linux-x86_64 OK
r-release-macos-arm64 1.1 46.00 OK
r-release-macos-x86_64 1.1 93.00 OK
r-release-windows-x86_64 1.1 12.00 112.00 124.00 OK
r-oldrel-macos-arm64 1.1 45.00 OK
r-oldrel-macos-x86_64 1.1 93.00 OK
r-oldrel-windows-x86_64 1.1 15.00 113.00 128.00 OK

Check Details

Version: 1.1
Check: examples
Result: NOTE Examples with CPU (user + system) or elapsed time > 5s user system elapsed lqmix 0.27 0.009 6.254 Flavor: r-devel-linux-x86_64-debian-clang