Last updated on 2025-11-04 03:50:55 CET.
| Flavor | Version | Tinstall | Tcheck | Ttotal | Status | Flags | 
|---|---|---|---|---|---|---|
| r-devel-linux-x86_64-debian-clang | 1.0.2.1 | 2.75 | 26.14 | 28.89 | NOTE | |
| r-devel-linux-x86_64-debian-gcc | 1.0.2.1 | 1.99 | 20.40 | 22.39 | NOTE | |
| r-devel-linux-x86_64-fedora-clang | 1.0.2.1 | 43.03 | OK | |||
| r-devel-linux-x86_64-fedora-gcc | 1.0.2.1 | 40.96 | OK | |||
| r-devel-windows-x86_64 | 1.0.2.1 | 3.00 | 48.00 | 51.00 | OK | |
| r-patched-linux-x86_64 | 1.0.2.1 | 2.79 | 24.43 | 27.22 | OK | |
| r-release-linux-x86_64 | 1.0.2.1 | 1.96 | 24.49 | 26.45 | OK | |
| r-release-macos-arm64 | 1.0.2.1 | 1.00 | 18.00 | 19.00 | OK | |
| r-release-macos-x86_64 | 1.0.2.1 | 2.00 | 27.00 | 29.00 | OK | |
| r-release-windows-x86_64 | 1.0.2.1 | 4.00 | 47.00 | 51.00 | OK | |
| r-oldrel-macos-arm64 | 1.0.2.1 | 1.00 | 17.00 | 18.00 | OK | |
| r-oldrel-macos-x86_64 | 1.0.2.1 | 2.00 | 22.00 | 24.00 | OK | |
| r-oldrel-windows-x86_64 | 1.0.2.1 | 3.00 | 44.00 | 47.00 | OK | 
Version: 1.0.2.1
Check: CRAN incoming feasibility
Result: NOTE
  Maintainer: ‘Daniela M Witten <dwitten@uw.edu>’
  
  No Authors@R field in DESCRIPTION.
  Please add one, modifying
    Authors@R: c(person(given = c("Daniela", "M"),
                        family = "Witten",
                        role = c("aut", "cre"),
                        email = "dwitten@uw.edu"),
                 person(given = "Robert",
                        family = "Tibshirani",
                        role = "aut"))
  as necessary.
Flavors: r-devel-linux-x86_64-debian-clang, r-devel-linux-x86_64-debian-gcc