Last updated on 2025-10-31 02:50:35 CET.
| Flavor | Version | Tinstall | Tcheck | Ttotal | Status | Flags | 
|---|---|---|---|---|---|---|
| r-devel-linux-x86_64-debian-clang | 0.6.1 | 2.60 | 17.70 | 20.30 | NOTE | |
| r-devel-linux-x86_64-debian-gcc | 0.6.1 | 2.03 | 14.84 | 16.87 | NOTE | |
| r-devel-linux-x86_64-fedora-clang | 0.6.1 | 31.87 | NOTE | |||
| r-devel-linux-x86_64-fedora-gcc | 0.6.1 | 31.17 | NOTE | |||
| r-devel-windows-x86_64 | 0.6.1 | 5.00 | 44.00 | 49.00 | NOTE | |
| r-patched-linux-x86_64 | 0.6.1 | 2.29 | 16.99 | 19.28 | NOTE | |
| r-release-linux-x86_64 | 0.6.1 | 2.29 | 16.82 | 19.11 | NOTE | |
| r-release-macos-arm64 | 0.6.1 | 3.00 | 14.00 | 17.00 | NOTE | |
| r-release-macos-x86_64 | 0.6.1 | 5.00 | 21.00 | 26.00 | NOTE | |
| r-release-windows-x86_64 | 0.6.1 | 5.00 | 53.00 | 58.00 | NOTE | |
| r-oldrel-macos-arm64 | 0.6.1 | 3.00 | 12.00 | 15.00 | NOTE | |
| r-oldrel-macos-x86_64 | 0.6.1 | 3.00 | 18.00 | 21.00 | NOTE | |
| r-oldrel-windows-x86_64 | 0.6.1 | 6.00 | 44.00 | 50.00 | NOTE | 
Version: 0.6.1
Check: CRAN incoming feasibility
Result: NOTE
  Maintainer: ‘Xi (Rossi) LUO <xi.rossi.luo@gmail.com>’
  
  No Authors@R field in DESCRIPTION.
  Please add one, modifying
    Authors@R: c(person(given = "Xi",
                        family = "LUO",
                        role = "aut",
                        comment = "Rossi"),
                 person(given = "Xi",
                        family = "LUO",
                        role = "cre",
                        email = "xi.rossi.luo@gmail.com",
                        comment = "Rossi"))
  as necessary.
Flavors: r-devel-linux-x86_64-debian-clang, r-devel-linux-x86_64-debian-gcc
Version: 0.6.1
Check: DESCRIPTION meta-information
Result: NOTE
  Malformed Description field: should contain one or more complete sentences.
Flavors: r-devel-linux-x86_64-debian-clang, r-devel-linux-x86_64-debian-gcc, r-devel-linux-x86_64-fedora-clang, r-devel-linux-x86_64-fedora-gcc, r-devel-windows-x86_64, r-patched-linux-x86_64, r-release-linux-x86_64, r-release-macos-arm64, r-release-macos-x86_64, r-release-windows-x86_64, r-oldrel-macos-arm64, r-oldrel-macos-x86_64, r-oldrel-windows-x86_64
Version: 0.6.1
Check: compiled code
Result: NOTE
  File ‘lorec/libs/lorec.so’:
    Found no calls to: ‘R_registerRoutines’, ‘R_useDynamicSymbols’
  
  It is good practice to register native routines and to disable symbol
  search.
  
  See ‘Writing portable packages’ in the ‘Writing R Extensions’ manual.
Flavors: r-devel-linux-x86_64-fedora-clang, r-devel-linux-x86_64-fedora-gcc
Version: 0.6.1
Check: package dependencies
Result: NOTE
  Package suggested but not available for checking: ‘scio’
Flavors: r-oldrel-macos-arm64, r-oldrel-macos-x86_64, r-oldrel-windows-x86_64