CRAN Package Check Results for Package logisticRR

Last updated on 2025-07-20 03:49:36 CEST.

Flavor Version Tinstall Tcheck Ttotal Status Flags
r-devel-linux-x86_64-debian-clang 0.3.0 3.35 42.11 45.46 NOTE
r-devel-linux-x86_64-debian-gcc 0.3.0 2.05 30.27 32.32 NOTE
r-devel-linux-x86_64-fedora-clang 0.3.0 70.12 OK
r-devel-linux-x86_64-fedora-gcc 0.3.0 81.16 OK
r-devel-windows-x86_64 0.3.0 3.00 60.00 63.00 OK
r-patched-linux-x86_64 0.3.0 3.29 38.76 42.05 OK
r-release-linux-x86_64 0.3.0 2.80 38.40 41.20 OK
r-release-macos-arm64 0.3.0 33.00 OK
r-release-macos-x86_64 0.3.0 55.00 OK
r-release-windows-x86_64 0.3.0 6.00 60.00 66.00 OK
r-oldrel-macos-arm64 0.3.0 27.00 NOTE
r-oldrel-macos-x86_64 0.3.0 44.00 NOTE
r-oldrel-windows-x86_64 0.3.0 4.00 68.00 72.00 NOTE

Check Details

Version: 0.3.0
Check: CRAN incoming feasibility
Result: NOTE Maintainer: ‘Youjin Lee <youjin.lee@pennmedicine.upenn.edu>’ No Authors@R field in DESCRIPTION. Please add one, modifying Authors@R: person(given = "Youjin", family = "Lee", role = c("aut", "cre"), email = "youjin.lee@pennmedicine.upenn.edu") as necessary. Flavors: r-devel-linux-x86_64-debian-clang, r-devel-linux-x86_64-debian-gcc

Version: 0.3.0
Check: LazyData
Result: NOTE 'LazyData' is specified without a 'data' directory Flavors: r-oldrel-macos-arm64, r-oldrel-macos-x86_64, r-oldrel-windows-x86_64