Last updated on 2025-05-04 03:50:57 CEST.
Flavor | Version | Tinstall | Tcheck | Ttotal | Status | Flags |
---|---|---|---|---|---|---|
r-devel-linux-x86_64-debian-clang | 0.1.1 | 4.83 | 49.59 | 54.42 | NOTE | |
r-devel-linux-x86_64-debian-gcc | 0.1.1 | 3.59 | 36.03 | 39.62 | NOTE | |
r-devel-linux-x86_64-fedora-clang | 0.1.1 | 73.99 | NOTE | |||
r-devel-linux-x86_64-fedora-gcc | 0.1.1 | 79.68 | NOTE | |||
r-devel-windows-x86_64 | 0.1.1 | 6.00 | 61.00 | 67.00 | OK | |
r-patched-linux-x86_64 | 0.1.1 | 4.57 | 45.05 | 49.62 | OK | |
r-release-linux-x86_64 | OK | |||||
r-release-macos-arm64 | 0.1.1 | 31.00 | OK | |||
r-release-macos-x86_64 | 0.1.1 | 42.00 | OK | |||
r-release-windows-x86_64 | 0.1.1 | 6.00 | 63.00 | 69.00 | OK | |
r-oldrel-macos-arm64 | 0.1.1 | 25.00 | NOTE | |||
r-oldrel-macos-x86_64 | 0.1.1 | 40.00 | NOTE | |||
r-oldrel-windows-x86_64 | 0.1.1 | 8.00 | 75.00 | 83.00 | NOTE |
Version: 0.1.1
Check: CRAN incoming feasibility
Result: NOTE
Maintainer: ‘Martin Walter <mf-walter@web.de>’
The Description field contains
Pitkin (2013) <arXiv:1309.6392>.
Please refer to arXiv e-prints via their arXiv DOI <doi:10.48550/arXiv.YYMM.NNNNN>.
Flavors: r-devel-linux-x86_64-debian-clang, r-devel-linux-x86_64-debian-gcc
Version: 0.1.1
Check: dependencies in R code
Result: NOTE
Namespace in Imports field not imported from: ‘checkmate’
All declared Imports should be used.
Flavors: r-devel-linux-x86_64-fedora-clang, r-devel-linux-x86_64-fedora-gcc
Version: 0.1.1
Check: LazyData
Result: NOTE
'LazyData' is specified without a 'data' directory
Flavors: r-oldrel-macos-arm64, r-oldrel-macos-x86_64, r-oldrel-windows-x86_64